Last updated on 2025-10-21 17:50:01 CEST.
Flavor | Version | Tinstall | Tcheck | Ttotal | Status | Flags |
---|---|---|---|---|---|---|
r-devel-linux-x86_64-debian-clang | 1.1 | 6.55 | 61.29 | 67.84 | NOTE | |
r-devel-linux-x86_64-debian-gcc | 1.1 | 5.59 | 45.79 | 51.38 | NOTE | |
r-devel-linux-x86_64-fedora-clang | 1.1 | 12.00 | 87.92 | 99.92 | OK | |
r-devel-linux-x86_64-fedora-gcc | 1.1 | 14.00 | 82.41 | 96.41 | OK | |
r-devel-windows-x86_64 | 1.1 | 7.00 | 74.00 | 81.00 | OK | |
r-patched-linux-x86_64 | 1.1 | 6.14 | 58.22 | 64.36 | OK | |
r-release-linux-x86_64 | 1.1 | 6.24 | 58.44 | 64.68 | OK | |
r-release-macos-arm64 | 1.1 | 3.00 | 32.00 | 35.00 | OK | |
r-release-macos-x86_64 | 1.1 | 5.00 | 53.00 | 58.00 | OK | |
r-release-windows-x86_64 | 1.1 | 8.00 | 74.00 | 82.00 | OK | |
r-oldrel-macos-arm64 | 1.1 | 3.00 | 30.00 | 33.00 | OK | |
r-oldrel-macos-x86_64 | 1.1 | 5.00 | 41.00 | 46.00 | OK | |
r-oldrel-windows-x86_64 | 1.1 | 10.00 | 89.00 | 99.00 | OK |
Version: 1.1
Check: CRAN incoming feasibility
Result: NOTE
Maintainer: ‘Brian C. Franczak <bfrancza@math.mcmaster.ca>’
No Authors@R field in DESCRIPTION.
Please add one, modifying
Authors@R: c(person(given = c("Brian", "C."),
family = "Franczak",
role = c("aut", "cre"),
email = "bfrancza@math.mcmaster.ca"),
person(given = c("Ryan", "P."),
family = "Browne",
role = "aut"),
person(given = c("Paul", "D."),
family = "McNicholas",
role = "aut"))
as necessary.
Flavors: r-devel-linux-x86_64-debian-clang, r-devel-linux-x86_64-debian-gcc