Last updated on 2025-10-24 18:50:07 CEST.
| Flavor | Version | Tinstall | Tcheck | Ttotal | Status | Flags |
|---|---|---|---|---|---|---|
| r-devel-linux-x86_64-debian-clang | 1.4 | 6.64 | 59.95 | 66.59 | NOTE | |
| r-devel-linux-x86_64-debian-gcc | 1.4 | 4.91 | 44.96 | 49.87 | NOTE | |
| r-devel-linux-x86_64-fedora-clang | 1.4 | 16.00 | 85.39 | 101.39 | OK | |
| r-devel-linux-x86_64-fedora-gcc | 1.4 | 14.00 | 83.24 | 97.24 | OK | |
| r-devel-windows-x86_64 | 1.4 | 10.00 | 70.00 | 80.00 | OK | |
| r-patched-linux-x86_64 | 1.4 | 6.87 | 56.22 | 63.09 | OK | |
| r-release-linux-x86_64 | 1.4 | 6.75 | 57.65 | 64.40 | OK | |
| r-release-macos-arm64 | 1.4 | 3.00 | 23.00 | 26.00 | OK | |
| r-release-macos-x86_64 | 1.4 | 5.00 | 42.00 | 47.00 | OK | |
| r-release-windows-x86_64 | 1.4 | 8.00 | 72.00 | 80.00 | OK | |
| r-oldrel-macos-arm64 | 1.4 | 3.00 | 24.00 | 27.00 | OK | |
| r-oldrel-macos-x86_64 | 1.4 | 4.00 | 36.00 | 40.00 | OK | |
| r-oldrel-windows-x86_64 | 1.4 | 13.00 | 91.00 | 104.00 | OK |
Version: 1.4
Check: CRAN incoming feasibility
Result: NOTE
Maintainer: ‘Brian Greenhill <bgreenhill@albany.edu>’
No Authors@R field in DESCRIPTION.
Please add one, modifying
Authors@R: c(person(given = c("Brian", "D."),
family = "Greenhill",
role = "aut"),
person(given = c("Michael", "D."),
family = "Ward",
role = "aut"),
person(given = "Audrey",
family = "Sacks",
role = "aut"),
person(given = "Brian",
family = "Greenhill",
role = "cre",
email = "bgreenhill@albany.edu"))
as necessary.
Flavors: r-devel-linux-x86_64-debian-clang, r-devel-linux-x86_64-debian-gcc