CRAN Package Check Results for Package sfo

Last updated on 2025-10-22 23:50:11 CEST.

Flavor Version Tinstall Tcheck Ttotal Status Flags
r-devel-linux-x86_64-debian-clang 0.1.2 4.00 37.90 41.90 OK
r-devel-linux-x86_64-debian-gcc 0.1.2 2.81 31.56 34.37 OK
r-devel-linux-x86_64-fedora-clang 0.1.2 62.36 OK
r-devel-linux-x86_64-fedora-gcc 0.1.2 11.00 64.68 75.68 OK
r-devel-windows-x86_64 0.1.2 5.00 55.00 60.00 OK
r-patched-linux-x86_64 0.1.2 4.27 35.03 39.30 OK
r-release-linux-x86_64 0.1.2 4.47 34.99 39.46 OK
r-release-macos-arm64 0.1.2 3.00 30.00 33.00 OK
r-release-macos-x86_64 0.1.2 8.00 51.00 59.00 OK
r-release-windows-x86_64 0.1.2 6.00 58.00 64.00 OK
r-oldrel-macos-arm64 0.1.2 3.00 28.00 31.00 NOTE
r-oldrel-macos-x86_64 0.1.2 8.00 56.00 64.00 NOTE
r-oldrel-windows-x86_64 0.1.2 7.00 69.00 76.00 NOTE

Check Details

Version: 0.1.2
Check: installed package size
Result: NOTE installed size is 5.8Mb sub-directories of 1Mb or more: doc 5.1Mb Flavors: r-oldrel-macos-arm64, r-oldrel-macos-x86_64, r-oldrel-windows-x86_64