Last updated on 2025-10-21 17:50:02 CEST.
Flavor | Version | Tinstall | Tcheck | Ttotal | Status | Flags |
---|---|---|---|---|---|---|
r-devel-linux-x86_64-debian-clang | 1.0.1 | 152.68 | 207.90 | 360.58 | NOTE | |
r-devel-linux-x86_64-debian-gcc | 1.0.1 | 100.10 | 148.84 | 248.94 | NOTE | |
r-devel-linux-x86_64-fedora-clang | 1.0.1 | 243.00 | 367.47 | 610.47 | OK | |
r-devel-linux-x86_64-fedora-gcc | 1.0.1 | 253.00 | 349.41 | 602.41 | OK | |
r-devel-windows-x86_64 | 1.0.1 | 174.00 | 227.00 | 401.00 | OK | |
r-patched-linux-x86_64 | 1.0.1 | 152.14 | 193.59 | 345.73 | OK | |
r-release-linux-x86_64 | 1.0.1 | 143.20 | 196.07 | 339.27 | OK | |
r-release-macos-arm64 | 1.0.1 | 35.00 | 47.00 | 82.00 | OK | |
r-release-macos-x86_64 | 1.0.1 | 46.00 | 124.00 | 170.00 | OK | |
r-release-windows-x86_64 | 1.0.1 | 174.00 | 213.00 | 387.00 | OK | |
r-oldrel-macos-arm64 | 1.0.1 | 45.00 | 57.00 | 102.00 | NOTE | |
r-oldrel-macos-x86_64 | 1.0.1 | 44.00 | 115.00 | 159.00 | NOTE | |
r-oldrel-windows-x86_64 | 1.0.1 | 204.00 | 282.00 | 486.00 | OK |
Version: 1.0.1
Check: HTML version of manual
Result: NOTE
Found the following HTML validation problems:
cpp.airwls.glmfit.html:105:1 (cpp.airwls.glmfit.Rd:45): Warning: missing </ul> before </div>
cpp.airwls.glmstep.html:90:1 (cpp.airwls.glmstep.Rd:36): Warning: missing </ul> before </div>
cpp.airwls.update.html:124:1 (cpp.airwls.update.Rd:57): Warning: missing </ul> before </div>
cpp.fit.airwls.html:168:1 (cpp.fit.airwls.Rd:84): Warning: missing </ul> before </div>
cpp.fit.block.sgd.html:198:1 (cpp.fit.block.sgd.Rd:102): Warning: missing </ul> before </div>
cpp.fit.coord.sgd.html:198:1 (cpp.fit.coord.sgd.Rd:102): Warning: missing </ul> before </div>
cpp.fit.newton.html:163:1 (cpp.fit.newton.Rd:81): Warning: missing </ul> before </div>
cpp.fit.random.block.sgd.html:198:1 (cpp.fit.random.block.sgd.Rd:102): Warning: missing </ul> before </div>
make.pos.diag.html:46:1 (make.pos.diag.Rd:10): Warning: missing </ul> before </div>
norm.procrustes.html:50:1 (norm.procrustes.Rd:12): Warning: missing </ul> before </div>
ols.fit.coef.html:54:1 (ols.fit.coef.Rd:14): Warning: missing </ul> before </div>
partition.html:54:1 (partition.Rd:12): Warning: missing </ul> before </div>
procrustes.html:58:1 (procrustes.Rd:16): Warning: missing </ul> before </div>
set.family.html:47:1 (set.family.Rd:10): Warning: missing </ul> before </div>
set.penalty.html:59:1 (set.penalty.Rd:16): Warning: missing </ul> before </div>
vglm.fit.coef.html:85:1 (vglm.fit.coef.Rd:33): Warning: missing </ul> before </div>
Flavors: r-devel-linux-x86_64-debian-clang, r-devel-linux-x86_64-debian-gcc
Version: 1.0.1
Check: installed package size
Result: NOTE
installed size is 11.2Mb
sub-directories of 1Mb or more:
libs 10.5Mb
Flavors: r-oldrel-macos-arm64, r-oldrel-macos-x86_64