Last updated on 2025-10-21 17:50:02 CEST.
Flavor | Version | Tinstall | Tcheck | Ttotal | Status | Flags |
---|---|---|---|---|---|---|
r-devel-linux-x86_64-debian-clang | 1.11.1 | 32.24 | 160.53 | 192.77 | NOTE | |
r-devel-linux-x86_64-debian-gcc | 1.11.1 | 20.03 | 107.57 | 127.60 | NOTE | |
r-devel-linux-x86_64-fedora-clang | 1.11.1 | 72.00 | 218.32 | 290.32 | OK | |
r-devel-linux-x86_64-fedora-gcc | 1.11.1 | 72.00 | 210.32 | 282.32 | OK | |
r-devel-windows-x86_64 | 1.11.1 | 37.00 | 193.00 | 230.00 | OK | |
r-patched-linux-x86_64 | 1.11.1 | 39.13 | 146.59 | 185.72 | OK | |
r-release-linux-x86_64 | 1.11.1 | 32.60 | 147.89 | 180.49 | OK | |
r-release-macos-arm64 | 1.11.1 | 12.00 | 60.00 | 72.00 | OK | |
r-release-macos-x86_64 | 1.11.1 | 34.00 | 144.00 | 178.00 | OK | |
r-release-windows-x86_64 | 1.11.1 | 40.00 | 193.00 | 233.00 | OK | |
r-oldrel-macos-arm64 | 1.11.1 | 16.00 | 63.00 | 79.00 | NOTE | |
r-oldrel-macos-x86_64 | 1.11.1 | 29.00 | 143.00 | 172.00 | NOTE | |
r-oldrel-windows-x86_64 | 1.11.1 | 53.00 | 237.00 | 290.00 | NOTE |
Version: 1.11.1
Check: HTML version of manual
Result: NOTE
Found the following HTML validation problems:
ExtendedTask.html:147:1 (ExtendedTask.Rd:150): Warning: <h5> anchor "Usage" already defined
ExtendedTask.html:153:1 (ExtendedTask.Rd:154): Warning: <h5> anchor "Arguments" already defined
ExtendedTask.html:199:1 (ExtendedTask.Rd:181): Warning: <h5> anchor "Usage" already defined
ExtendedTask.html:249:1 (ExtendedTask.Rd:216): Warning: <h5> anchor "Usage" already defined
MockShinySession.html:230:1 (MockShinySession.Rd:135): Warning: <h5> anchor "Usage" already defined
MockShinySession.html:261:1 (MockShinySession.Rd:154): Warning: <h5> anchor "Usage" already defined
MockShinySession.html:267:1 (MockShinySession.Rd:158): Warning: <h5> anchor "Arguments" already defined
MockShinySession.html:292:1 (MockShinySession.Rd:173): Warning: <h5> anchor "Usage" already defined
MockShinySession.html:298:1 (MockShinySession.Rd:177): Warning: <h5> anchor "Arguments" already defined
MockShinySession.html:321:1 (MockShinySession.Rd:190): Warning: <h5> anchor "Usage" already defined
MockShinySession.html:337:1 (MockShinySession.Rd:200): Warning: <h5> anchor "Usage" already defined
MockShinySession.html:353:1 (MockShinySession.Rd:210): Warning: <h5> anchor "Usage" already defined
MockShinySession.html:369:1 (MockShinySession.Rd:220): Warning: <h5> anchor "Usage" already defined
MockShinySession.html:375:1 (MockShinySession.Rd:224): Warning: <h5> anchor "Arguments" already defined
MockShinySession.html:398:1 (MockShinySession.Rd:237): Warning: <h5> anchor "Usage" already defined
MockShinySession.html:404:1 (MockShinySession.Rd:241): Warning: <h5> anchor "Arguments" already defined
MockShinySession.html:432:1 (MockShinySession.Rd:259): Warning: <h5> anchor "Usage" already defined
MockShinySession.html:438:1 (MockShinySession.Rd:263): Warning: <h5> anchor "Arguments" already defined
MockShinySession.html:476:1 (MockShinySession.Rd:290): Warning: <h5> anchor "Usage" already defined
MockShinySession.html:482:1 (MockShinySession.Rd:294): Warning: <h5> anchor "Arguments" already defined
MockShinySession.html:507:1 (MockShinySession.Rd:309): Warning: <h5> anchor "Usage" already defined
MockShinySession.html:513:1 (MockShinySession.Rd:313): Warning: <h5> anchor "Arguments" already defined
MockShinySession.html:536:1 (MockShinySession.Rd:326): Warning: <h5> anchor "Usage" already defined
MockShinySession.html:561:1 (MockShinySession.Rd:341): Warning: <h5> anchor "Usage" already defined
MockShinySession.html:567:1 (MockShinySession.Rd:345): Warning: <h5> anchor "Arguments" already defined
MockShinySession.html:595:1 (MockShinySession.Rd:363): Warning: <h5> anchor "Usage" already defined
MockShinySession.html:601:1 (MockShinySession.Rd:367): Warning: <h5> anchor "Arguments" already defined
MockShinySession.html:614:1 (MockShinySession.Rd:374): Warning: <h5> anchor "Returns" already defined
MockShinySession.html:632:1 (MockShinySession.Rd:384): Warning: <h5> anchor "Usage" already defined
MockShinySession.html:638:1 (MockShinySession.Rd:388): Warning: <h5> anchor "Arguments" already defined
MockShinySession.html:651:1 (MockShinySession.Rd:395): Warning: <h5> anchor "Returns" already defined
MockShinySession.html:668:1 (MockShinySession.Rd:404): Warning: <h5> anchor "Usage" already defined
MockShinySession.html:684:1 (MockShinySession.Rd:414): Warning: <h5> anchor "Usage" already defined
MockShinySession.html:690:1 (MockShinySession.Rd:418): Warning: <h5> anchor "Arguments" already defined
MockShinySession.html:703:1 (MockShinySession.Rd:425): Warning: <h5> anchor "Returns" already defined
MockShinySession.html:723:1 (MockShinySession.Rd:437): Warning: <h5> anchor "Usage" already defined
MockShinySession.html:729:1 (MockShinySession.Rd:441): Warning: <h5> anchor "Arguments" already defined
MockShinySession.html:742:1 (MockShinySession.Rd:448): Warning: <h5> anchor "Returns" already defined
MockShinySession.html:762:1 (MockShinySession.Rd:460): Warning: <h5> anchor "Usage" already defined
MockShinySession.html:768:1 (MockShinySession.Rd:464): Warning: <h5> anchor "Arguments" already defined
MockShinySession.html:781:1 (MockShinySession.Rd:471): Warning: <h5> anchor "Returns" already defined
MockShinySession.html:798:1 (MockShinySession.Rd:480): Warning: <h5> anchor "Usage" already defined
MockShinySession.html:804:1 (MockShinySession.Rd:484): Warning: <h5> anchor "Returns" already defined
MockShinySession.html:822:1 (MockShinySession.Rd:494): Warning: <h5> anchor "Usage" already defined
MockShinySession.html:828:1 (MockShinySession.Rd:498): Warning: <h5> anchor "Returns" already defined
MockShinySession.html:846:1 (MockShinySession.Rd:508): Warning: <h5> anchor "Usage" already defined
MockShinySession.html:852:1 (MockShinySession.Rd:512): Warning: <h5> anchor "Returns" already defined
MockShinySession.html:869:1 (MockShinySession.Rd:521): Warning: <h5> anchor "Usage" already defined
MockShinySession.html:875:1 (MockShinySession.Rd:525): Warning: <h5> anchor "Arguments" already defined
MockShinySession.html:889:1 (MockShinySession.Rd:533): Warning: <h5> anchor "Returns" already defined
MockShinySession.html:906:1 (MockShinySession.Rd:542): Warning: <h5> anchor "Usage" already defined
MockShinySession.html:912:1 (MockShinySession.Rd:546): Warning: <h5> anchor "Arguments" already defined
MockShinySession.html:938:1 (MockShinySession.Rd:562): Warning: <h5> anchor "Usage" already defined
MockShinySession.html:944:1 (MockShinySession.Rd:566): Warning: <h5> anchor "Arguments" already defined
MockShinySession.html:973:1 (MockShinySession.Rd:585): Warning: <h5> anchor "Usage" already defined
MockShinySession.html:979:1 (MockShinySession.Rd:589): Warning: <h5> anchor "Arguments" already defined
MockShinySession.html:1002:1 (MockShinySession.Rd:602): Warning: <h5> anchor "Usage" already defined
MockShinySession.html:1008:1 (MockShinySession.Rd:606): Warning: <h5> anchor "Arguments" already defined
MockShinySession.html:1043:1 (MockShinySession.Rd:631): Warning: <h5> anchor "Usage" already defined
MockShinySession.html:1049:1 (MockShinySession.Rd:635): Warning: <h5> anchor "Returns" already defined
MockShinySession.html:1068:1 (MockShinySession.Rd:646): Warning: <h5> anchor "Usage" already defined
MockShinySession.html:1074:1 (MockShinySession.Rd:650): Warning: <h5> anchor "Arguments" already defined
Progress.html:145:1 (Progress.Rd:115): Warning: <h5> anchor "Usage" already defined
Progress.html:151:1 (Progress.Rd:119): Warning: <h5> anchor "Arguments" already defined
Progress.html:186:1 (Progress.Rd:144): Warning: <h5> anchor "Usage" already defined
Progress.html:192:1 (Progress.Rd:148): Warning: <h5> anchor "Arguments" already defined
Progress.html:224:1 (Progress.Rd:170): Warning: <h5> anchor "Usage" already defined
Progress.html:240:1 (Progress.Rd:180): Warning: <h5> anchor "Usage" already defined
Progress.html:256:1 (Progress.Rd:190): Warning: <h5> anchor "Usage" already defined
Progress.html:273:1 (Progress.Rd:201): Warning: <h5> anchor "Usage" already defined
Progress.html:289:1 (Progress.Rd:211): Warning: <h5> anchor "Usage" already defined
Progress.html:295:1 (Progress.Rd:215): Warning: <h5> anchor "Arguments" already defined
diskCache.html:103:1 (diskCache.Rd:51): Warning: missing </ul> before </div>
inputPanel.html:47:1 (inputPanel.Rd:10): Warning: missing </ul> before </div>
knitr_methods.html:59:1 (knitr_methods.Rd:21): Warning: missing </ul> before </div>
markOutputAttrs.html:56:1 (markOutputAttrs.Rd:16): Warning: missing </ul> before </div>
memoryCache.html:89:1 (memoryCache.Rd:41): Warning: missing </ul> before </div>
restoreInput.html:51:1 (restoreInput.Rd:12): Warning: missing </ul> before </div>
setSerializer.html:55:1 (setSerializer.Rd:15): Warning: missing </ul> before </div>
shiny.appobj.html:67:1 (shiny.appobj.Rd:31): Warning: missing </ul> before </div>
shinyDeprecated.html:64:1 (shinyDeprecated.Rd:22): Warning: missing </ul> before </div>
showBookmarkUrlModal.html:50:1 (showBookmarkUrlModal.Rd:10): Warning: missing </ul> before </div>
snapshotExclude.html:46:1 (snapshotExclude.Rd:10): Warning: missing </ul> before </div>
snapshotPreprocessInput.html:55:1 (snapshotPreprocessInput.Rd:15): Warning: missing </ul> before </div>
snapshotPreprocessOutput.html:51:1 (snapshotPreprocessOutput.Rd:13): Warning: missing </ul> before </div>
stopApp.html:48:1 (stopApp.Rd:11): Warning: missing </ul> before </div>
urlModal.html:57:1 (urlModal.Rd:14): Warning: missing </ul> before </div>
Flavors: r-devel-linux-x86_64-debian-clang, r-devel-linux-x86_64-debian-gcc
Version: 1.11.1
Check: installed package size
Result: NOTE
installed size is 10.5Mb
sub-directories of 1Mb or more:
R 2.0Mb
www 6.7Mb
Flavors: r-oldrel-macos-arm64, r-oldrel-macos-x86_64, r-oldrel-windows-x86_64