Last updated on 2025-10-24 11:50:58 CEST.
| Flavor | Version | Tinstall | Tcheck | Ttotal | Status | Flags |
|---|---|---|---|---|---|---|
| r-devel-linux-x86_64-debian-clang | 0.4.2 | 3.00 | 36.10 | 39.10 | NOTE | |
| r-devel-linux-x86_64-debian-gcc | 0.4.2 | 2.73 | 27.90 | 30.63 | NOTE | |
| r-devel-linux-x86_64-fedora-clang | 0.4.2 | 11.00 | 49.70 | 60.70 | NOTE | |
| r-devel-linux-x86_64-fedora-gcc | 0.4.2 | 59.55 | NOTE | |||
| r-devel-windows-x86_64 | 0.4.2 | 6.00 | 54.00 | 60.00 | NOTE | |
| r-patched-linux-x86_64 | 0.4.2 | 3.80 | 34.23 | 38.03 | NOTE | |
| r-release-linux-x86_64 | 0.4.2 | 3.15 | 34.73 | 37.88 | NOTE | |
| r-release-macos-arm64 | 0.4.2 | 1.00 | 18.00 | 19.00 | NOTE | |
| r-release-macos-x86_64 | 0.4.2 | 3.00 | 32.00 | 35.00 | NOTE | |
| r-release-windows-x86_64 | 0.4.2 | 7.00 | 56.00 | 63.00 | NOTE | |
| r-oldrel-macos-arm64 | 0.4.2 | 2.00 | 19.00 | 21.00 | NOTE | |
| r-oldrel-macos-x86_64 | 0.4.2 | 3.00 | 30.00 | 33.00 | NOTE | |
| r-oldrel-windows-x86_64 | 0.4.2 | 6.00 | 66.00 | 72.00 | NOTE |
Version: 0.4.2
Check: Rd files
Result: NOTE
checkRd: (-1) js_calls.Rd:63: Lost braces in \itemize; meant \describe ?
checkRd: (-1) js_calls.Rd:64: Lost braces in \itemize; meant \describe ?
checkRd: (-1) js_calls.Rd:65-66: Lost braces in \itemize; meant \describe ?
checkRd: (-1) js_calls.Rd:67: Lost braces in \itemize; meant \describe ?
checkRd: (-1) js_calls.Rd:68: Lost braces in \itemize; meant \describe ?
checkRd: (-1) js_calls.Rd:69: Lost braces in \itemize; meant \describe ?
checkRd: (-1) pickCheckboxNamesAndLabels.Rd:14: Lost braces
14 | \item{choices}{link{pickCheckboxInput} choices list.}
| ^
Flavors: r-devel-linux-x86_64-debian-clang, r-devel-linux-x86_64-debian-gcc, r-devel-linux-x86_64-fedora-clang, r-devel-linux-x86_64-fedora-gcc, r-devel-windows-x86_64, r-patched-linux-x86_64, r-release-linux-x86_64, r-release-macos-arm64, r-release-macos-x86_64, r-release-windows-x86_64, r-oldrel-macos-arm64, r-oldrel-macos-x86_64, r-oldrel-windows-x86_64