Last updated on 2025-10-21 17:50:02 CEST.
Flavor | Version | Tinstall | Tcheck | Ttotal | Status | Flags |
---|---|---|---|---|---|---|
r-devel-linux-x86_64-debian-clang | 0.3.0 | 24.13 | 109.14 | 133.27 | NOTE | |
r-devel-linux-x86_64-debian-gcc | 0.3.0 | 13.55 | 73.33 | 86.88 | NOTE | |
r-devel-linux-x86_64-fedora-clang | 0.3.0 | 71.00 | 129.26 | 200.26 | OK | |
r-devel-linux-x86_64-fedora-gcc | 0.3.0 | 74.00 | 116.51 | 190.51 | OK | |
r-devel-windows-x86_64 | 0.3.0 | 24.00 | 108.00 | 132.00 | OK | |
r-patched-linux-x86_64 | 0.3.0 | 22.54 | 97.53 | 120.07 | OK | |
r-release-linux-x86_64 | 0.3.0 | 21.12 | 98.34 | 119.46 | OK | |
r-release-macos-arm64 | 0.3.0 | 10.00 | 43.00 | 53.00 | OK | |
r-release-macos-x86_64 | 0.3.0 | 20.00 | 72.00 | 92.00 | OK | |
r-release-windows-x86_64 | 0.3.0 | 23.00 | 108.00 | 131.00 | OK | |
r-oldrel-macos-arm64 | 0.3.0 | 9.00 | 39.00 | 48.00 | OK | |
r-oldrel-macos-x86_64 | 0.3.0 | 17.00 | 66.00 | 83.00 | OK | |
r-oldrel-windows-x86_64 | 0.3.0 | 31.00 | 131.00 | 162.00 | OK |
Version: 0.3.0
Check: HTML version of manual
Result: NOTE
Found the following HTML validation problems:
LTTB_aggregator.html:125:1 (LTTB_aggregator.Rd:83): Warning: <h5> anchor "Usage" already defined
LTTB_aggregator.html:131:1 (LTTB_aggregator.Rd:87): Warning: <h5> anchor "Arguments" already defined
aggregator.html:227:1 (aggregator.Rd:135): Warning: missing </ul> before </div>
aggregator.html:118:1 (aggregator.Rd:62): Warning: <h5> anchor "Usage" already defined
aggregator.html:124:1 (aggregator.Rd:66): Warning: <h5> anchor "Arguments" already defined
aggregator.html:152:1 (aggregator.Rd:84): Warning: <h5> anchor "Usage" already defined
aggregator.html:158:1 (aggregator.Rd:88): Warning: <h5> anchor "Arguments" already defined
aggregator.html:204:1 (aggregator.Rd:124): Warning: <h5> anchor "Usage" already defined
aggregator.html:210:1 (aggregator.Rd:128): Warning: <h5> anchor "Arguments" already defined
candlestick_aggregator.html:110:1 (candlestick_aggregator.Rd:70): Warning: <h5> anchor "Usage" already defined
candlestick_aggregator.html:116:1 (candlestick_aggregator.Rd:74): Warning: <h5> anchor "Arguments" already defined
custom_func_aggregator.html:116:1 (custom_func_aggregator.Rd:82): Warning: <h5> anchor "Usage" already defined
custom_func_aggregator.html:122:1 (custom_func_aggregator.Rd:86): Warning: <h5> anchor "Arguments" already defined
custom_func_aggregator.html:147:1 (custom_func_aggregator.Rd:101): Warning: <h5> anchor "Usage" already defined
custom_func_aggregator.html:153:1 (custom_func_aggregator.Rd:105): Warning: <h5> anchor "Arguments" already defined
custom_stat_aggregator.html:125:1 (custom_stat_aggregator.Rd:83): Warning: <h5> anchor "Usage" already defined
custom_stat_aggregator.html:131:1 (custom_stat_aggregator.Rd:87): Warning: <h5> anchor "Arguments" already defined
downsampler.html:179:1 (downsampler.Rd:186): Warning: <h5> anchor "Usage" already defined
downsampler.html:185:1 (downsampler.Rd:190): Warning: <h5> anchor "Arguments" already defined
downsampler.html:217:1 (downsampler.Rd:212): Warning: <h5> anchor "Usage" already defined
downsampler.html:228:1 (downsampler.Rd:221): Warning: <h5> anchor "Arguments" already defined
downsampler.html:276:1 (downsampler.Rd:259): Warning: <h5> anchor "Usage" already defined
downsampler.html:282:1 (downsampler.Rd:263): Warning: <h5> anchor "Arguments" already defined
downsampler.html:317:1 (downsampler.Rd:288): Warning: <h5> anchor "Usage" already defined
downsampler.html:323:1 (downsampler.Rd:292): Warning: <h5> anchor "Arguments" already defined
eLTTB_aggregator.html:123:1 (eLTTB_aggregator.Rd:75): Warning: <h5> anchor "Usage" already defined
eLTTB_aggregator.html:129:1 (eLTTB_aggregator.Rd:79): Warning: <h5> anchor "Arguments" already defined
max_aggregator.html:107:1 (max_aggregator.Rd:64): Warning: <h5> anchor "Usage" already defined
max_aggregator.html:113:1 (max_aggregator.Rd:68): Warning: <h5> anchor "Arguments" already defined
min_max_aggregator.html:108:1 (min_max_aggregator.Rd:65): Warning: <h5> anchor "Usage" already defined
min_max_aggregator.html:114:1 (min_max_aggregator.Rd:69): Warning: <h5> anchor "Arguments" already defined
min_max_ovlp_aggregator.html:106:1 (min_max_ovlp_aggregator.Rd:63): Warning: <h5> anchor "Usage" already defined
min_max_ovlp_aggregator.html:112:1 (min_max_ovlp_aggregator.Rd:67): Warning: <h5> anchor "Arguments" already defined
nth_pnt_aggregator.html:103:1 (nth_pnt_aggregator.Rd:59): Warning: <h5> anchor "Usage" already defined
nth_pnt_aggregator.html:109:1 (nth_pnt_aggregator.Rd:63): Warning: <h5> anchor "Arguments" already defined
null_aggregator.html:105:1 (null_aggregator.Rd:61): Warning: <h5> anchor "Usage" already defined
null_aggregator.html:111:1 (null_aggregator.Rd:65): Warning: <h5> anchor "Arguments" already defined
null_aggregator.html:134:1 (null_aggregator.Rd:78): Warning: <h5> anchor "Usage" already defined
null_aggregator.html:140:1 (null_aggregator.Rd:82): Warning: <h5> anchor "Arguments" already defined
plotly_datahandler.html:314:1 (plotly_datahandler.Rd:203): Warning: missing </ul> before </div>
plotly_datahandler.html:177:1 (plotly_datahandler.Rd:114): Warning: <h5> anchor "Usage" already defined
plotly_datahandler.html:183:1 (plotly_datahandler.Rd:118): Warning: <h5> anchor "Arguments" already defined
plotly_datahandler.html:217:1 (plotly_datahandler.Rd:142): Warning: <h5> anchor "Usage" already defined
plotly_datahandler.html:223:1 (plotly_datahandler.Rd:146): Warning: <h5> anchor "Arguments" already defined
plotly_datahandler.html:255:1 (plotly_datahandler.Rd:168): Warning: <h5> anchor "Usage" already defined
plotly_datahandler.html:261:1 (plotly_datahandler.Rd:172): Warning: <h5> anchor "Arguments" already defined
plotly_datahandler.html:291:1 (plotly_datahandler.Rd:192): Warning: <h5> anchor "Usage" already defined
plotly_datahandler.html:297:1 (plotly_datahandler.Rd:196): Warning: <h5> anchor "Arguments" already defined
range_stat_aggregator.html:121:1 (range_stat_aggregator.Rd:82): Warning: <h5> anchor "Usage" already defined
range_stat_aggregator.html:127:1 (range_stat_aggregator.Rd:86): Warning: <h5> anchor "Arguments" already defined
rms_max_aggregator.html:116:1 (rms_max_aggregator.Rd:77): Warning: <h5> anchor "Usage" already defined
rms_max_aggregator.html:122:1 (rms_max_aggregator.Rd:81): Warning: <h5> anchor "Arguments" already defined
rng_aggregator.html:208:1 (rng_aggregator.Rd:115): Warning: missing </ul> before </div>
rng_aggregator.html:120:1 (rng_aggregator.Rd:63): Warning: <h5> anchor "Usage" already defined
rng_aggregator.html:126:1 (rng_aggregator.Rd:67): Warning: <h5> anchor "Arguments" already defined
rng_aggregator.html:153:1 (rng_aggregator.Rd:84): Warning: <h5> anchor "Usage" already defined
rng_aggregator.html:159:1 (rng_aggregator.Rd:88): Warning: <h5> anchor "Arguments" already defined
rng_aggregator.html:185:1 (rng_aggregator.Rd:104): Warning: <h5> anchor "Usage" already defined
rng_aggregator.html:191:1 (rng_aggregator.Rd:108): Warning: <h5> anchor "Arguments" already defined
updatePlotlyH.html:94:1 (updatePlotlyH.Rd:43): Warning: missing </ul> before </div>
Flavors: r-devel-linux-x86_64-debian-clang, r-devel-linux-x86_64-debian-gcc