Last updated on 2025-10-24 18:50:08 CEST.
| Flavor | Version | Tinstall | Tcheck | Ttotal | Status | Flags |
|---|---|---|---|---|---|---|
| r-devel-linux-x86_64-debian-clang | 1.1.0 | 1.73 | 19.94 | 21.67 | OK | |
| r-devel-linux-x86_64-debian-gcc | 1.1.0 | 1.15 | 16.36 | 17.51 | OK | |
| r-devel-linux-x86_64-fedora-clang | 1.1.0 | 29.77 | NOTE | |||
| r-devel-linux-x86_64-fedora-gcc | 1.1.0 | 29.08 | NOTE | |||
| r-devel-windows-x86_64 | 1.1.0 | 4.00 | 38.00 | 42.00 | OK | |
| r-patched-linux-x86_64 | 1.1.0 | 1.57 | 17.75 | 19.32 | OK | |
| r-release-linux-x86_64 | 1.1.0 | 1.42 | 17.62 | 19.04 | OK | |
| r-release-macos-arm64 | 1.1.0 | 1.00 | 15.00 | 16.00 | OK | |
| r-release-macos-x86_64 | 1.1.0 | 2.00 | 27.00 | 29.00 | OK | |
| r-release-windows-x86_64 | 1.1.0 | 5.00 | 39.00 | 44.00 | OK | |
| r-oldrel-macos-arm64 | 1.1.0 | 1.00 | 13.00 | 14.00 | NOTE | |
| r-oldrel-macos-x86_64 | 1.1.0 | 2.00 | 18.00 | 20.00 | NOTE | |
| r-oldrel-windows-x86_64 | 1.1.0 | 5.00 | 41.00 | 46.00 | NOTE |
Version: 1.1.0
Check: dependencies in R code
Result: NOTE
Namespace in Imports field not imported from: ‘httr’
All declared Imports should be used.
Flavors: r-devel-linux-x86_64-fedora-clang, r-devel-linux-x86_64-fedora-gcc
Version: 1.1.0
Check: LazyData
Result: NOTE
'LazyData' is specified without a 'data' directory
Flavors: r-oldrel-macos-arm64, r-oldrel-macos-x86_64, r-oldrel-windows-x86_64