Last updated on 2025-10-24 11:50:58 CEST.
| Flavor | Version | Tinstall | Tcheck | Ttotal | Status | Flags |
|---|---|---|---|---|---|---|
| r-devel-linux-x86_64-debian-clang | 0.2.1 | 6.93 | 65.01 | 71.94 | NOTE | |
| r-devel-linux-x86_64-debian-gcc | 0.2.1 | 4.42 | 46.00 | 50.42 | NOTE | |
| r-devel-linux-x86_64-fedora-clang | 0.2.1 | 17.00 | 94.30 | 111.30 | NOTE | |
| r-devel-linux-x86_64-fedora-gcc | 0.2.1 | 16.00 | 104.36 | 120.36 | NOTE | |
| r-devel-windows-x86_64 | 0.2.1 | 9.00 | 83.00 | 92.00 | NOTE | |
| r-patched-linux-x86_64 | 0.2.1 | 5.71 | 61.00 | 66.71 | NOTE | |
| r-release-linux-x86_64 | 0.2.1 | 6.71 | 60.63 | 67.34 | NOTE | |
| r-release-macos-arm64 | 0.2.1 | 3.00 | 45.00 | 48.00 | NOTE | |
| r-release-macos-x86_64 | 0.2.1 | 6.00 | 69.00 | 75.00 | NOTE | |
| r-release-windows-x86_64 | 0.2.1 | 9.00 | 80.00 | 89.00 | NOTE | |
| r-oldrel-macos-arm64 | 0.2.1 | 3.00 | 35.00 | 38.00 | NOTE | |
| r-oldrel-macos-x86_64 | 0.2.1 | 5.00 | 53.00 | 58.00 | NOTE | |
| r-oldrel-windows-x86_64 | 0.2.1 | 13.00 | 91.00 | 104.00 | NOTE |
Version: 0.2.1
Check: Rd files
Result: NOTE
checkRd: (-1) store_googledrive.Rd:19: Lost braces; missing escapes or markup?
19 | See the {gargle} package to manage authentication, and especially
| ^
checkRd: (-1) store_googledrive.Rd:20: Lost braces; missing escapes or markup?
20 | \href{https://gargle.r-lib.org/articles/articles/managing-tokens-securely.html}{this vignette from {gargle} package} to manage the process.
| ^
Flavors: r-devel-linux-x86_64-debian-clang, r-devel-linux-x86_64-debian-gcc, r-devel-linux-x86_64-fedora-clang, r-devel-linux-x86_64-fedora-gcc, r-devel-windows-x86_64, r-patched-linux-x86_64, r-release-linux-x86_64, r-release-macos-arm64, r-release-macos-x86_64, r-release-windows-x86_64, r-oldrel-macos-arm64, r-oldrel-macos-x86_64, r-oldrel-windows-x86_64