CRAN Package Check Results for Package signalHsmm

Last updated on 2025-10-22 11:51:25 CEST.

Flavor Version Tinstall Tcheck Ttotal Status Flags
r-devel-linux-x86_64-debian-clang 1.5 12.47 37.86 50.33 NOTE
r-devel-linux-x86_64-debian-gcc 1.5 8.93 29.23 38.16 NOTE
r-devel-linux-x86_64-fedora-clang 1.5 27.00 53.14 80.14 NOTE
r-devel-linux-x86_64-fedora-gcc 1.5 28.00 48.92 76.92 NOTE
r-devel-windows-x86_64 1.5 18.00 68.00 86.00 NOTE
r-patched-linux-x86_64 1.5 12.30 34.89 47.19 NOTE
r-release-linux-x86_64 1.5 11.69 35.04 46.73 NOTE
r-release-macos-arm64 1.5 9.00 25.00 34.00 NOTE
r-release-macos-x86_64 1.5 20.00 34.00 54.00 NOTE
r-release-windows-x86_64 1.5 19.00 71.00 90.00 NOTE
r-oldrel-macos-arm64 1.5 7.00 19.00 26.00 NOTE
r-oldrel-macos-x86_64 1.5 9.00 30.00 39.00 NOTE
r-oldrel-windows-x86_64 1.5 22.00 85.00 107.00 NOTE

Check Details

Version: 1.5
Check: CRAN incoming feasibility
Result: NOTE Maintainer: ‘Michal Burdukiewicz <michalburdukiewicz@gmail.com>’ Package CITATION file contains call(s) to old-style citEntry(). Please use bibentry() instead. Flavors: r-devel-linux-x86_64-debian-clang, r-devel-linux-x86_64-debian-gcc

Version: 1.5
Check: Rd files
Result: NOTE checkRd: (-1) add_k_mer_state.Rd:33: Lost braces in \itemize; \value handles \item{}{} directly checkRd: (-1) add_k_mer_state.Rd:34: Lost braces in \itemize; \value handles \item{}{} directly checkRd: (-1) add_k_mer_state.Rd:35: Lost braces in \itemize; \value handles \item{}{} directly checkRd: (-1) add_k_mer_state.Rd:36: Lost braces in \itemize; \value handles \item{}{} directly checkRd: (-1) duration_viterbi.Rd:23: Lost braces in \itemize; \value handles \item{}{} directly checkRd: (-1) duration_viterbi.Rd:24: Lost braces in \itemize; \value handles \item{}{} directly checkRd: (-1) duration_viterbi.Rd:25: Lost braces in \itemize; \value handles \item{}{} directly checkRd: (-1) duration_viterbi.Rd:26: Lost braces in \itemize; \value handles \item{}{} directly Flavors: r-devel-linux-x86_64-debian-clang, r-devel-linux-x86_64-debian-gcc, r-devel-linux-x86_64-fedora-clang, r-devel-linux-x86_64-fedora-gcc, r-devel-windows-x86_64, r-patched-linux-x86_64, r-release-linux-x86_64, r-release-macos-arm64, r-release-macos-x86_64, r-release-windows-x86_64, r-oldrel-macos-arm64, r-oldrel-macos-x86_64, r-oldrel-windows-x86_64