Last updated on 2025-10-21 17:50:02 CEST.
Flavor | Version | Tinstall | Tcheck | Ttotal | Status | Flags |
---|---|---|---|---|---|---|
r-devel-linux-x86_64-debian-clang | 1.1.2 | 4.63 | 78.50 | 83.13 | NOTE | |
r-devel-linux-x86_64-debian-gcc | 1.1.2 | 3.25 | 52.33 | 55.58 | NOTE | |
r-devel-linux-x86_64-fedora-clang | 1.1.2 | 11.00 | 115.83 | 126.83 | OK | |
r-devel-linux-x86_64-fedora-gcc | 1.1.2 | 10.00 | 125.32 | 135.32 | OK | |
r-devel-windows-x86_64 | 1.1.2 | 9.00 | 87.00 | 96.00 | OK | |
r-patched-linux-x86_64 | 1.1.2 | 4.82 | 72.66 | 77.48 | OK | |
r-release-linux-x86_64 | 1.1.2 | 4.42 | 72.77 | 77.19 | OK | |
r-release-macos-arm64 | 1.1.2 | 2.00 | 38.00 | 40.00 | OK | |
r-release-macos-x86_64 | 1.1.2 | 4.00 | 69.00 | 73.00 | OK | |
r-release-windows-x86_64 | 1.1.2 | 9.00 | 89.00 | 98.00 | OK | |
r-oldrel-macos-arm64 | 1.1.2 | 2.00 | 41.00 | 43.00 | OK | |
r-oldrel-macos-x86_64 | 1.1.2 | 4.00 | 75.00 | 79.00 | OK | |
r-oldrel-windows-x86_64 | 1.1.2 | 11.00 | 111.00 | 122.00 | OK |
Version: 1.1.2
Check: HTML version of manual
Result: NOTE
Found the following HTML validation problems:
dot-validate_freqs.html:50:1 (dot-validate_freqs.Rd:12): Warning: missing </ul> before </div>
Flavors: r-devel-linux-x86_64-debian-clang, r-devel-linux-x86_64-debian-gcc