Last updated on 2025-10-24 05:50:56 CEST.
| Flavor | Version | Tinstall | Tcheck | Ttotal | Status | Flags |
|---|---|---|---|---|---|---|
| r-devel-linux-x86_64-debian-clang | 1.0.0 | 2.74 | 316.62 | 319.36 | NOTE | |
| r-devel-linux-x86_64-debian-gcc | 1.0.0 | 1.99 | 168.04 | 170.03 | NOTE | |
| r-devel-linux-x86_64-fedora-clang | 1.0.0 | 572.38 | NOTE | |||
| r-devel-linux-x86_64-fedora-gcc | 1.0.0 | 540.22 | NOTE | |||
| r-devel-windows-x86_64 | 1.0.0 | 4.00 | 264.00 | 268.00 | NOTE | |
| r-patched-linux-x86_64 | 1.0.0 | 2.48 | 303.08 | 305.56 | NOTE | |
| r-release-linux-x86_64 | 1.0.0 | 2.15 | 304.20 | 306.35 | NOTE | |
| r-release-macos-arm64 | 1.0.0 | 2.00 | 129.00 | 131.00 | NOTE | |
| r-release-macos-x86_64 | 1.0.0 | 4.00 | 348.00 | 352.00 | NOTE | |
| r-release-windows-x86_64 | 1.0.0 | 5.00 | 264.00 | 269.00 | NOTE | |
| r-oldrel-macos-arm64 | 1.0.0 | 1.00 | 116.00 | 117.00 | NOTE | |
| r-oldrel-macos-x86_64 | 1.0.0 | 4.00 | 310.00 | 314.00 | NOTE | |
| r-oldrel-windows-x86_64 | 1.0.0 | 5.00 | 378.00 | 383.00 | NOTE |
Version: 1.0.0
Check: package subdirectories
Result: NOTE
Problems with news in ‘NEWS.md’:
Cannot extract version info from the following section titles:
Version (Date)
Flavors: r-devel-linux-x86_64-debian-clang, r-devel-linux-x86_64-debian-gcc, r-devel-linux-x86_64-fedora-clang, r-devel-linux-x86_64-fedora-gcc, r-devel-windows-x86_64, r-patched-linux-x86_64, r-release-linux-x86_64, r-release-macos-arm64, r-release-macos-x86_64, r-release-windows-x86_64, r-oldrel-macos-arm64, r-oldrel-macos-x86_64, r-oldrel-windows-x86_64