CRAN Package Check Results for Package sistmr

Last updated on 2025-10-21 17:50:02 CEST.

Flavor Version Tinstall Tcheck Ttotal Status Flags
r-devel-linux-x86_64-debian-clang 0.1.1 6.65 61.00 67.65 NOTE
r-devel-linux-x86_64-debian-gcc 0.1.1 4.69 45.10 49.79 NOTE
r-devel-linux-x86_64-fedora-clang 0.1.1 34.00 77.21 111.21 OK
r-devel-linux-x86_64-fedora-gcc 0.1.1 15.00 83.58 98.58 OK
r-devel-windows-x86_64 0.1.1 8.00 69.00 77.00 OK
r-patched-linux-x86_64 0.1.1 6.52 56.55 63.07 OK
r-release-linux-x86_64 0.1.1 5.98 56.05 62.03 OK
r-release-macos-arm64 0.1.1 3.00 26.00 29.00 OK
r-release-macos-x86_64 0.1.1 4.00 43.00 47.00 OK
r-release-windows-x86_64 0.1.1 10.00 70.00 80.00 OK
r-oldrel-macos-arm64 0.1.1 3.00 23.00 26.00 OK
r-oldrel-macos-x86_64 0.1.1 4.00 35.00 39.00 OK
r-oldrel-windows-x86_64 0.1.1 10.00 85.00 95.00 OK

Check Details

Version: 0.1.1
Check: CRAN incoming feasibility
Result: NOTE Maintainer: ‘Mélanie Huchon <melanie.huchon@u-bordeaux.fr>’ No Authors@R field in DESCRIPTION. Please add one, modifying Authors@R: c(person(given = "Boris", family = "Hejblum", role = "aut"), person(given = "Mélanie", family = "Huchon", role = c("aut", "cre"), email = "melanie.huchon@u-bordeaux.fr")) as necessary. Flavors: r-devel-linux-x86_64-debian-clang, r-devel-linux-x86_64-debian-gcc