Last updated on 2025-10-21 17:50:02 CEST.
Flavor | Version | Tinstall | Tcheck | Ttotal | Status | Flags |
---|---|---|---|---|---|---|
r-devel-linux-x86_64-debian-clang | 1.1.5 | 95.23 | 41.43 | 136.66 | NOTE | |
r-devel-linux-x86_64-debian-gcc | 1.1.5 | 73.78 | 38.25 | 112.03 | NOTE | |
r-devel-linux-x86_64-fedora-clang | 1.1.5 | 177.00 | 63.66 | 240.66 | OK | |
r-devel-linux-x86_64-fedora-gcc | 1.1.5 | 163.00 | 113.34 | 276.34 | OK | |
r-devel-windows-x86_64 | 1.1.5 | 95.00 | 93.00 | 188.00 | OK | |
r-patched-linux-x86_64 | 1.1.5 | 103.85 | 49.05 | 152.90 | OK | |
r-release-linux-x86_64 | 1.1.5 | 107.81 | 49.17 | 156.98 | OK | |
r-release-macos-arm64 | 1.1.5 | 52.00 | 114.00 | 166.00 | OK | |
r-release-macos-x86_64 | 1.1.5 | 59.00 | 85.00 | 144.00 | OK | |
r-release-windows-x86_64 | 1.1.5 | 99.00 | 95.00 | 194.00 | OK | |
r-oldrel-macos-arm64 | 1.1.5 | 36.00 | 33.00 | 69.00 | NOTE | |
r-oldrel-macos-x86_64 | 1.1.5 | 56.00 | 54.00 | 110.00 | NOTE | |
r-oldrel-windows-x86_64 | 1.1.5 | 113.00 | 104.00 | 217.00 | OK |
Version: 1.1.5
Check: HTML version of manual
Result: NOTE
Found the following HTML validation problems:
print.linear2ph.html:51:1 (print.linear2ph.Rd:12): Warning: missing </ul> before </div>
print.logistic2ph.html:51:1 (print.logistic2ph.Rd:12): Warning: missing </ul> before </div>
Flavors: r-devel-linux-x86_64-debian-clang, r-devel-linux-x86_64-debian-gcc
Version: 1.1.5
Check: installed package size
Result: NOTE
installed size is 32.0Mb
sub-directories of 1Mb or more:
libs 31.3Mb
Flavors: r-oldrel-macos-arm64, r-oldrel-macos-x86_64