Last updated on 2025-10-24 05:50:57 CEST.
| Flavor | Version | Tinstall | Tcheck | Ttotal | Status | Flags |
|---|---|---|---|---|---|---|
| r-devel-linux-x86_64-debian-clang | 1.0.1 | 2.20 | 29.31 | 31.51 | OK | |
| r-devel-linux-x86_64-debian-gcc | 1.0.1 | 1.92 | 23.97 | 25.89 | OK | |
| r-devel-linux-x86_64-fedora-clang | 1.0.1 | 11.00 | 38.48 | 49.48 | OK | |
| r-devel-linux-x86_64-fedora-gcc | 1.0.1 | 45.88 | OK | |||
| r-devel-windows-x86_64 | 1.0.1 | 5.00 | 46.00 | 51.00 | OK | |
| r-patched-linux-x86_64 | 1.0.1 | 2.57 | 27.01 | 29.58 | OK | |
| r-release-linux-x86_64 | 1.0.1 | 2.50 | 27.40 | 29.90 | OK | |
| r-release-macos-arm64 | 1.0.1 | 2.00 | 30.00 | 32.00 | OK | |
| r-release-macos-x86_64 | 1.0.1 | 2.00 | 28.00 | 30.00 | OK | |
| r-release-windows-x86_64 | 1.0.1 | 5.00 | 49.00 | 54.00 | OK | |
| r-oldrel-macos-arm64 | 1.0.1 | 1.00 | 19.00 | 20.00 | NOTE | |
| r-oldrel-macos-x86_64 | 1.0.1 | 2.00 | 25.00 | 27.00 | NOTE | |
| r-oldrel-windows-x86_64 | 1.0.1 | 6.00 | 55.00 | 61.00 | NOTE |
Version: 1.0.1
Check: LazyData
Result: NOTE
'LazyData' is specified without a 'data' directory
Flavors: r-oldrel-macos-arm64, r-oldrel-macos-x86_64, r-oldrel-windows-x86_64