Last updated on 2025-10-21 11:53:39 CEST.
Flavor | Version | Tinstall | Tcheck | Ttotal | Status | Flags |
---|---|---|---|---|---|---|
r-devel-linux-x86_64-debian-clang | 1.22-0 | 22.67 | 180.73 | 203.40 | NOTE | |
r-devel-linux-x86_64-debian-gcc | 1.22-0 | 15.56 | 122.88 | 138.44 | NOTE | |
r-devel-linux-x86_64-fedora-clang | 1.22-0 | 337.05 | OK | |||
r-devel-linux-x86_64-fedora-gcc | 1.22-0 | 53.00 | 258.36 | 311.36 | OK | |
r-devel-windows-x86_64 | 1.22-0 | 25.00 | 187.00 | 212.00 | OK | |
r-patched-linux-x86_64 | 1.22-0 | 25.12 | 173.47 | 198.59 | OK | |
r-release-linux-x86_64 | 1.22-0 | 22.63 | 170.62 | 193.25 | OK | |
r-release-macos-arm64 | 1.22-0 | 81.00 | OK | |||
r-release-macos-x86_64 | 1.22-0 | 38.00 | 246.00 | 284.00 | OK | |
r-release-windows-x86_64 | 1.22-0 | 25.00 | 182.00 | 207.00 | OK | |
r-oldrel-macos-arm64 | 1.22-0 | 129.00 | OK | |||
r-oldrel-macos-x86_64 | 1.22-0 | 271.00 | OK | |||
r-oldrel-windows-x86_64 | 1.22-0 | 38.00 | 233.00 | 271.00 | OK |
Version: 1.22-0
Check: HTML version of manual
Result: NOTE
Found the following HTML validation problems:
cmds.html:46:1 (cmds.Rd:10): Warning: missing </ul> before </div>
mkBmat.html:46:1 (mkBmat.Rd:10): Warning: missing </ul> before </div>
secularEq.html:50:1 (secularEq.Rd:12): Warning: missing </ul> before </div>
Flavors: r-devel-linux-x86_64-debian-clang, r-devel-linux-x86_64-debian-gcc