CRAN Package Check Results for Package smoof

Last updated on 2025-10-21 17:50:02 CEST.

Flavor Version Tinstall Tcheck Ttotal Status Flags
r-devel-linux-x86_64-debian-clang 1.6.0.3 69.15 113.40 182.55 NOTE
r-devel-linux-x86_64-debian-gcc 1.6.0.3 40.44 74.88 115.32 NOTE
r-devel-linux-x86_64-fedora-clang 1.6.0.3 421.00 -93.81 327.19 NOTE
r-devel-linux-x86_64-fedora-gcc 1.6.0.3 173.00 105.62 278.62 NOTE
r-devel-windows-x86_64 1.6.0.3 86.00 177.00 263.00 NOTE
r-patched-linux-x86_64 1.6.0.3 65.10 103.14 168.24 NOTE
r-release-linux-x86_64 1.6.0.3 67.66 104.64 172.30 NOTE
r-release-macos-arm64 1.6.0.3 29.00 52.00 81.00 NOTE
r-release-macos-x86_64 1.6.0.3 29.00 74.00 103.00 NOTE
r-release-windows-x86_64 1.6.0.3 88.00 150.00 238.00 NOTE
r-oldrel-macos-arm64 1.6.0.3 25.00 41.00 66.00 NOTE
r-oldrel-macos-x86_64 1.6.0.3 30.00 64.00 94.00 NOTE
r-oldrel-windows-x86_64 1.6.0.3 103.00 183.00 286.00 NOTE

Check Details

Version: 1.6.0.3
Check: Rd files
Result: NOTE checkRd: (-1) getGlobalOptimum.Rd:16: Lost braces in \itemize; \value handles \item{}{} directly checkRd: (-1) getGlobalOptimum.Rd:17: Lost braces in \itemize; \value handles \item{}{} directly checkRd: (-1) getGlobalOptimum.Rd:18: Lost braces in \itemize; \value handles \item{}{} directly checkRd: (-1) getLocalOptimum.Rd:16: Lost braces in \itemize; \value handles \item{}{} directly checkRd: (-1) getLocalOptimum.Rd:17: Lost braces in \itemize; \value handles \item{}{} directly checkRd: (-1) getLocalOptimum.Rd:18: Lost braces in \itemize; \value handles \item{}{} directly checkRd: (-1) smoof_function.Rd:10: Lost braces 10 | or code{smoof_multi_objective_function}. Both single- and multi-objective functions share the following attributes. | ^ Flavors: r-devel-linux-x86_64-debian-clang, r-devel-linux-x86_64-debian-gcc, r-devel-linux-x86_64-fedora-clang, r-devel-linux-x86_64-fedora-gcc, r-devel-windows-x86_64, r-patched-linux-x86_64, r-release-linux-x86_64, r-release-macos-arm64, r-release-macos-x86_64, r-release-windows-x86_64, r-oldrel-macos-arm64, r-oldrel-macos-x86_64, r-oldrel-windows-x86_64

Version: 1.6.0.3
Check: HTML version of manual
Result: NOTE Found the following HTML validation problems: resetEvaluationCounter.html:47:1 (resetEvaluationCounter.Rd:11): Warning: missing </ul> before </div> Flavors: r-devel-linux-x86_64-debian-clang, r-devel-linux-x86_64-debian-gcc