Last updated on 2025-10-21 17:50:03 CEST.
Flavor | Version | Tinstall | Tcheck | Ttotal | Status | Flags |
---|---|---|---|---|---|---|
r-devel-linux-x86_64-debian-clang | 2.1.1 | 16.40 | 135.38 | 151.78 | NOTE | |
r-devel-linux-x86_64-debian-gcc | 2.1.1 | 11.33 | 84.74 | 96.07 | NOTE | |
r-devel-linux-x86_64-fedora-clang | 2.1.1 | 94.00 | 163.86 | 257.86 | NOTE | |
r-devel-linux-x86_64-fedora-gcc | 2.1.1 | 43.00 | 201.17 | 244.17 | NOTE | |
r-devel-windows-x86_64 | 2.1.1 | 18.00 | 155.00 | 173.00 | NOTE | |
r-patched-linux-x86_64 | 2.1.1 | 19.12 | 129.70 | 148.82 | NOTE | |
r-release-linux-x86_64 | 2.1.1 | 19.33 | 128.28 | 147.61 | NOTE | |
r-release-macos-arm64 | 2.1.1 | 8.00 | 73.00 | 81.00 | NOTE | |
r-release-macos-x86_64 | 2.1.1 | 28.00 | 134.00 | 162.00 | NOTE | |
r-release-windows-x86_64 | 2.1.1 | 20.00 | 148.00 | 168.00 | NOTE | |
r-oldrel-macos-arm64 | 2.1.1 | 7.00 | 56.00 | 63.00 | NOTE | |
r-oldrel-macos-x86_64 | 2.1.1 | 18.00 | 107.00 | 125.00 | NOTE | |
r-oldrel-windows-x86_64 | 2.1.1 | 27.00 | 184.00 | 211.00 | NOTE |
Version: 2.1.1
Check: Rd files
Result: NOTE
checkRd: (-1) plot.selm.Rd:101: Lost braces
101 | data. Default value for code{which} is \code{2:4} if \code{p>1}, otherwise
| ^
Flavors: r-devel-linux-x86_64-debian-clang, r-devel-linux-x86_64-debian-gcc, r-devel-linux-x86_64-fedora-clang, r-devel-linux-x86_64-fedora-gcc, r-devel-windows-x86_64, r-patched-linux-x86_64, r-release-linux-x86_64, r-release-macos-arm64, r-release-macos-x86_64, r-release-windows-x86_64, r-oldrel-macos-arm64, r-oldrel-macos-x86_64, r-oldrel-windows-x86_64
Version: 2.1.1
Check: HTML version of manual
Result: NOTE
Found the following HTML validation problems:
dst.html:148:1 (dst.Rd:94): Warning: <h3> anchor "Details" already defined
Flavors: r-devel-linux-x86_64-debian-clang, r-devel-linux-x86_64-debian-gcc