CRAN Package Check Results for Package snQTL

Last updated on 2025-10-21 17:50:03 CEST.

Flavor Version Tinstall Tcheck Ttotal Status Flags
r-devel-linux-x86_64-debian-clang 0.2 3.68 40.96 44.64 OK
r-devel-linux-x86_64-debian-gcc 0.2 2.90 32.08 34.98 OK
r-devel-linux-x86_64-fedora-clang 0.2 18.00 53.53 71.53 NOTE
r-devel-linux-x86_64-fedora-gcc 0.2 63.34 NOTE
r-devel-windows-x86_64 0.2 5.00 77.00 82.00 OK
r-patched-linux-x86_64 0.2 3.99 37.80 41.79 OK
r-release-linux-x86_64 0.2 3.66 37.58 41.24 OK
r-release-macos-arm64 0.2 2.00 21.00 23.00 OK
r-release-macos-x86_64 0.2 3.00 37.00 40.00 OK
r-release-windows-x86_64 0.2 5.00 61.00 66.00 OK
r-oldrel-macos-arm64 0.2 2.00 26.00 28.00 OK
r-oldrel-macos-x86_64 0.2 3.00 51.00 54.00 OK
r-oldrel-windows-x86_64 0.2 6.00 68.00 74.00 OK

Check Details

Version: 0.2
Check: dependencies in R code
Result: NOTE Namespace in Imports field not imported from: ‘MASS’ All declared Imports should be used. Flavors: r-devel-linux-x86_64-fedora-clang, r-devel-linux-x86_64-fedora-gcc