Last updated on 2025-10-21 23:51:11 CEST.
Flavor | Version | Tinstall | Tcheck | Ttotal | Status | Flags |
---|---|---|---|---|---|---|
r-devel-linux-x86_64-debian-clang | 0.4.0 | 6.75 | 92.35 | 99.10 | NOTE | |
r-devel-linux-x86_64-debian-gcc | 0.4.0 | 5.40 | 66.38 | 71.78 | NOTE | |
r-devel-linux-x86_64-fedora-clang | 0.4.0 | 37.00 | 119.60 | 156.60 | OK | |
r-devel-linux-x86_64-fedora-gcc | 0.4.0 | 15.00 | 139.85 | 154.85 | OK | |
r-devel-windows-x86_64 | 0.4.0 | 9.00 | 120.00 | 129.00 | OK | |
r-patched-linux-x86_64 | 0.4.0 | 7.48 | 84.37 | 91.85 | OK | |
r-release-linux-x86_64 | 0.4.0 | 7.32 | 84.68 | 92.00 | OK | |
r-release-macos-arm64 | 0.4.0 | 4.00 | 108.00 | 112.00 | OK | |
r-release-macos-x86_64 | 0.4.0 | 6.00 | 95.00 | 101.00 | OK | |
r-release-windows-x86_64 | 0.4.0 | 10.00 | 118.00 | 128.00 | OK | |
r-oldrel-macos-arm64 | 0.4.0 | 4.00 | 49.00 | 53.00 | OK | |
r-oldrel-macos-x86_64 | 0.4.0 | 6.00 | 83.00 | 89.00 | OK | |
r-oldrel-windows-x86_64 | 0.4.0 | 11.00 | 139.00 | 150.00 | OK |
Version: 0.4.0
Check: HTML version of manual
Result: NOTE
Found the following HTML validation problems:
dot-get_survey.html:50:1 (dot-get_survey.Rd:12): Warning: missing </ul> before </div>
Flavors: r-devel-linux-x86_64-debian-clang, r-devel-linux-x86_64-debian-gcc