Last updated on 2025-10-24 18:50:08 CEST.
| Flavor | Version | Tinstall | Tcheck | Ttotal | Status | Flags |
|---|---|---|---|---|---|---|
| r-devel-linux-x86_64-debian-clang | 0.1.0 | 9.44 | 74.82 | 84.26 | NOTE | |
| r-devel-linux-x86_64-debian-gcc | 0.1.0 | 6.44 | 55.98 | 62.42 | NOTE | |
| r-devel-linux-x86_64-fedora-clang | 0.1.0 | 48.00 | 89.65 | 137.65 | OK | |
| r-devel-linux-x86_64-fedora-gcc | 0.1.0 | 23.00 | 117.71 | 140.71 | OK | |
| r-devel-windows-x86_64 | 0.1.0 | 10.00 | 82.00 | 92.00 | OK | |
| r-patched-linux-x86_64 | 0.1.0 | 8.73 | 72.17 | 80.90 | OK | |
| r-release-linux-x86_64 | 0.1.0 | 8.00 | 71.92 | 79.92 | OK | |
| r-release-macos-arm64 | 0.1.0 | 5.00 | 55.00 | 60.00 | OK | |
| r-release-macos-x86_64 | 0.1.0 | 8.00 | 88.00 | 96.00 | OK | |
| r-release-windows-x86_64 | 0.1.0 | 11.00 | 83.00 | 94.00 | OK | |
| r-oldrel-macos-arm64 | 0.1.0 | 4.00 | 44.00 | 48.00 | OK | |
| r-oldrel-macos-x86_64 | 0.1.0 | 6.00 | 62.00 | 68.00 | OK | |
| r-oldrel-windows-x86_64 | 0.1.0 | 13.00 | 102.00 | 115.00 | OK |
Version: 0.1.0
Check: CRAN incoming feasibility
Result: NOTE
Maintainer: ‘Weimin Zhang <zhangwm@hotmail.com>’
Found the following URLs which should use \doi (with the DOI name only):
File ‘asrm.Rd’:
https://doi.org/10.1111/biom.12997
File ‘sorocs.Rd’:
https://doi.org/10.1111/biom.12997
Flavors: r-devel-linux-x86_64-debian-clang, r-devel-linux-x86_64-debian-gcc