CRAN Package Check Results for Package sparkline

Last updated on 2025-10-21 23:51:11 CEST.

Flavor Version Tinstall Tcheck Ttotal Status Flags
r-devel-linux-x86_64-debian-clang 2.0 2.51 30.06 32.57 NOTE
r-devel-linux-x86_64-debian-gcc 2.0 1.78 24.28 26.06 NOTE
r-devel-linux-x86_64-fedora-clang 2.0 13.00 36.23 49.23 OK
r-devel-linux-x86_64-fedora-gcc 2.0 60.01 OK
r-devel-windows-x86_64 2.0 4.00 46.00 50.00 OK
r-patched-linux-x86_64 2.0 2.52 27.39 29.91 OK
r-release-linux-x86_64 2.0 2.36 27.58 29.94 OK
r-release-macos-arm64 2.0 2.00 39.00 41.00 OK
r-release-macos-x86_64 2.0 2.00 41.00 43.00 OK
r-release-windows-x86_64 2.0 4.00 49.00 53.00 OK
r-oldrel-macos-arm64 2.0 1.00 25.00 26.00 OK
r-oldrel-macos-x86_64 2.0 2.00 36.00 38.00 OK
r-oldrel-windows-x86_64 2.0 6.00 54.00 60.00 OK

Check Details

Version: 2.0
Check: CRAN incoming feasibility
Result: NOTE Maintainer: ‘Ramnath Vaidyanathan <ramnath.vaidya@gmail.com>’ Found the following (possibly) invalid file URI: URI: CONDUCT.md From: README.md Flavors: r-devel-linux-x86_64-debian-clang, r-devel-linux-x86_64-debian-gcc

Version: 2.0
Check: HTML version of manual
Result: NOTE Found the following HTML validation problems: sparkline-shiny.html:68:1 (sparkline-shiny.Rd:25): Warning: missing </ul> before </div> sparkline.html:66:1 (sparkline.Rd:22): Warning: missing </ul> before </div> Flavors: r-devel-linux-x86_64-debian-clang, r-devel-linux-x86_64-debian-gcc