Last updated on 2025-10-22 11:51:26 CEST.
Flavor | Version | Tinstall | Tcheck | Ttotal | Status | Flags |
---|---|---|---|---|---|---|
r-devel-linux-x86_64-debian-clang | 0.2.1 | 7.45 | 54.04 | 61.49 | NOTE | |
r-devel-linux-x86_64-debian-gcc | 0.2.1 | 4.87 | 40.12 | 44.99 | NOTE | |
r-devel-linux-x86_64-fedora-clang | 0.2.1 | 34.00 | 65.36 | 99.36 | OK | |
r-devel-linux-x86_64-fedora-gcc | 0.2.1 | 14.00 | 72.71 | 86.71 | OK | |
r-devel-windows-x86_64 | 0.2.1 | 8.00 | 63.00 | 71.00 | OK | |
r-patched-linux-x86_64 | 0.2.1 | 6.70 | 51.44 | 58.14 | OK | |
r-release-linux-x86_64 | 0.2.1 | 6.91 | 51.40 | 58.31 | OK | |
r-release-macos-arm64 | 0.2.1 | 3.00 | 26.00 | 29.00 | OK | |
r-release-macos-x86_64 | 0.2.1 | 11.00 | 57.00 | 68.00 | OK | |
r-release-windows-x86_64 | 0.2.1 | 9.00 | 64.00 | 73.00 | OK | |
r-oldrel-macos-arm64 | 0.2.1 | 3.00 | 30.00 | 33.00 | OK | |
r-oldrel-macos-x86_64 | 0.2.1 | 11.00 | 59.00 | 70.00 | OK | |
r-oldrel-windows-x86_64 | 0.2.1 | 10.00 | 78.00 | 88.00 | OK |
Version: 0.2.1
Check: HTML version of manual
Result: NOTE
Found the following HTML validation problems:
xgboost_classifier.html:362:1 (xgboost_classifier.Rd:222): Warning: missing </ul> before </div>
Flavors: r-devel-linux-x86_64-debian-clang, r-devel-linux-x86_64-debian-gcc