Last updated on 2025-10-22 11:51:26 CEST.
Flavor | Version | Tinstall | Tcheck | Ttotal | Status | Flags |
---|---|---|---|---|---|---|
r-devel-linux-x86_64-debian-clang | 1.0.1 | 65.27 | 33.05 | 98.32 | NOTE | |
r-devel-linux-x86_64-debian-gcc | 1.0.1 | 36.00 | 26.53 | 62.53 | NOTE | |
r-devel-linux-x86_64-fedora-clang | 1.0.1 | 178.00 | 21.56 | 199.56 | OK | |
r-devel-linux-x86_64-fedora-gcc | 1.0.1 | 96.00 | 77.27 | 173.27 | OK | |
r-devel-windows-x86_64 | 1.0.1 | 74.00 | 71.00 | 145.00 | OK | |
r-patched-linux-x86_64 | 1.0.1 | 63.86 | 30.46 | 94.32 | OK | |
r-release-linux-x86_64 | 1.0.1 | 59.63 | 30.34 | 89.97 | OK | |
r-release-macos-arm64 | 1.0.1 | 21.00 | 28.00 | 49.00 | OK | |
r-release-macos-x86_64 | 1.0.1 | 22.00 | 59.00 | 81.00 | OK | |
r-release-windows-x86_64 | 1.0.1 | 75.00 | 75.00 | 150.00 | OK | |
r-oldrel-macos-arm64 | 1.0.1 | 21.00 | 40.00 | 61.00 | OK | |
r-oldrel-macos-x86_64 | 1.0.1 | 20.00 | 90.00 | 110.00 | OK | |
r-oldrel-windows-x86_64 | 1.0.1 | 90.00 | 86.00 | 176.00 | OK |
Version: 1.0.1
Check: HTML version of manual
Result: NOTE
Found the following HTML validation problems:
getter.html:67:1 (getter.Rd:34): Warning: missing </ul> before </div>
print.sparta.html:51:1 (print.sparta.Rd:12): Warning: missing </ul> before </div>
vec-ops.html:77:1 (vec-ops.Rd:42): Warning: missing </ul> before </div>
Flavors: r-devel-linux-x86_64-debian-clang, r-devel-linux-x86_64-debian-gcc