Last updated on 2025-10-22 17:49:52 CEST.
Flavor | Version | Tinstall | Tcheck | Ttotal | Status | Flags |
---|---|---|---|---|---|---|
r-devel-linux-x86_64-debian-clang | 0.1.9 | 2.74 | 29.59 | 32.33 | NOTE | |
r-devel-linux-x86_64-debian-gcc | 0.1.9 | 2.15 | 22.75 | 24.90 | NOTE | |
r-devel-linux-x86_64-fedora-clang | 0.1.9 | 15.00 | 33.89 | 48.89 | OK | |
r-devel-linux-x86_64-fedora-gcc | 0.1.9 | 43.44 | OK | |||
r-devel-windows-x86_64 | 0.1.9 | 4.00 | 51.00 | 55.00 | OK | |
r-patched-linux-x86_64 | 0.1.9 | 3.32 | 27.00 | 30.32 | OK | |
r-release-linux-x86_64 | 0.1.9 | 2.47 | 27.52 | 29.99 | OK | |
r-release-macos-arm64 | 0.1.9 | 2.00 | 20.00 | 22.00 | OK | |
r-release-macos-x86_64 | 0.1.9 | 4.00 | 37.00 | 41.00 | OK | |
r-release-windows-x86_64 | 0.1.9 | 5.00 | 64.00 | 69.00 | OK | |
r-oldrel-macos-arm64 | 0.1.9 | 2.00 | 16.00 | 18.00 | OK | |
r-oldrel-macos-x86_64 | 0.1.9 | 3.00 | 27.00 | 30.00 | OK | |
r-oldrel-windows-x86_64 | 0.1.9 | 5.00 | 59.00 | 64.00 | OK |
Version: 0.1.9
Check: CRAN incoming feasibility
Result: NOTE
Maintainer: ‘Tim Bergsma <bergsmat@gmail.com>’
No Authors@R field in DESCRIPTION.
Please add one, modifying
Authors@R: person(given = "Tim",
family = "Bergsma",
role = c("aut", "cre"),
email = "bergsmat@gmail.com")
as necessary.
Flavors: r-devel-linux-x86_64-debian-clang, r-devel-linux-x86_64-debian-gcc
Version: 0.1.9
Check: HTML version of manual
Result: NOTE
Found the following HTML validation problems:
as.vector.spec.html:51:1 (as.vector.spec.Rd:12): Warning: missing </ul> before </div>
Flavors: r-devel-linux-x86_64-debian-clang, r-devel-linux-x86_64-debian-gcc