CRAN Package Check Results for Package spemd

Last updated on 2025-10-21 23:51:11 CEST.

Flavor Version Tinstall Tcheck Ttotal Status Flags
r-devel-linux-x86_64-debian-clang 0.1-1 5.54 48.88 54.42 NOTE
r-devel-linux-x86_64-debian-gcc 0.1-1 3.88 39.48 43.36 NOTE
r-devel-linux-x86_64-fedora-clang 0.1-1 25.00 59.30 84.30 NOTE
r-devel-linux-x86_64-fedora-gcc 0.1-1 13.00 74.23 87.23 NOTE
r-devel-windows-x86_64 0.1-1 7.00 59.00 66.00 OK
r-patched-linux-x86_64 0.1-1 5.46 47.14 52.60 NOTE
r-release-linux-x86_64 0.1-1 4.94 46.73 51.67 NOTE
r-release-macos-arm64 0.1-1 3.00 31.00 34.00 OK
r-release-macos-x86_64 0.1-1 4.00 49.00 53.00 OK
r-release-windows-x86_64 0.1-1 8.00 61.00 69.00 OK
r-oldrel-macos-arm64 0.1-1 2.00 24.00 26.00 NOTE
r-oldrel-macos-x86_64 0.1-1 3.00 38.00 41.00 NOTE
r-oldrel-windows-x86_64 0.1-1 8.00 72.00 80.00 NOTE

Check Details

Version: 0.1-1
Check: for non-standard things in the check directory
Result: NOTE Found the following files/directories: ‘.neig’ Flavors: r-devel-linux-x86_64-debian-clang, r-devel-linux-x86_64-debian-gcc, r-devel-linux-x86_64-fedora-clang, r-devel-linux-x86_64-fedora-gcc, r-patched-linux-x86_64, r-release-linux-x86_64

Version: 0.1-1
Check: LazyData
Result: NOTE 'LazyData' is specified without a 'data' directory Flavors: r-oldrel-macos-arm64, r-oldrel-macos-x86_64, r-oldrel-windows-x86_64