Last updated on 2025-10-24 05:50:57 CEST.
| Flavor | Version | Tinstall | Tcheck | Ttotal | Status | Flags |
|---|---|---|---|---|---|---|
| r-devel-linux-x86_64-debian-clang | 0.1.1 | 2.29 | 28.41 | 30.70 | OK | |
| r-devel-linux-x86_64-debian-gcc | 0.1.1 | 1.56 | 24.36 | 25.92 | OK | |
| r-devel-linux-x86_64-fedora-clang | 0.1.1 | 47.91 | OK | |||
| r-devel-linux-x86_64-fedora-gcc | 0.1.1 | 59.02 | OK | |||
| r-devel-windows-x86_64 | 0.1.1 | 4.00 | 50.00 | 54.00 | OK | |
| r-patched-linux-x86_64 | 0.1.1 | 2.37 | 28.02 | 30.39 | OK | |
| r-release-linux-x86_64 | 0.1.1 | 2.29 | 27.77 | 30.06 | OK | |
| r-release-macos-arm64 | 0.1.1 | 2.00 | 33.00 | 35.00 | OK | |
| r-release-macos-x86_64 | 0.1.1 | 2.00 | 43.00 | 45.00 | OK | |
| r-release-windows-x86_64 | 0.1.1 | 4.00 | 47.00 | 51.00 | OK | |
| r-oldrel-macos-arm64 | 0.1.1 | 1.00 | 23.00 | 24.00 | NOTE | |
| r-oldrel-macos-x86_64 | 0.1.1 | 2.00 | 32.00 | 34.00 | NOTE | |
| r-oldrel-windows-x86_64 | 0.1.1 | 5.00 | 52.00 | 57.00 | NOTE |
Version: 0.1.1
Check: LazyData
Result: NOTE
'LazyData' is specified without a 'data' directory
Flavors: r-oldrel-macos-arm64, r-oldrel-macos-x86_64, r-oldrel-windows-x86_64