Last updated on 2025-10-24 05:50:58 CEST.
| Flavor | Version | Tinstall | Tcheck | Ttotal | Status | Flags |
|---|---|---|---|---|---|---|
| r-devel-linux-x86_64-debian-clang | 1.1.0 | 6.63 | 169.61 | 176.24 | NOTE | |
| r-devel-linux-x86_64-debian-gcc | 1.1.0 | 3.80 | 117.45 | 121.25 | OK | |
| r-devel-linux-x86_64-fedora-clang | 1.1.0 | 15.00 | 246.10 | 261.10 | OK | |
| r-devel-linux-x86_64-fedora-gcc | 1.1.0 | 13.00 | 259.21 | 272.21 | OK | |
| r-devel-windows-x86_64 | 1.1.0 | 9.00 | 175.00 | 184.00 | OK | |
| r-patched-linux-x86_64 | 1.1.0 | 6.37 | 156.40 | 162.77 | OK | |
| r-release-linux-x86_64 | 1.1.0 | 6.20 | 158.00 | 164.20 | OK | |
| r-release-macos-arm64 | 1.1.0 | 4.00 | 148.00 | 152.00 | OK | |
| r-release-macos-x86_64 | 1.1.0 | 11.00 | 225.00 | 236.00 | OK | |
| r-release-windows-x86_64 | 1.1.0 | 11.00 | 182.00 | 193.00 | OK | |
| r-oldrel-macos-arm64 | 1.1.0 | 4.00 | 182.00 | 186.00 | OK | |
| r-oldrel-macos-x86_64 | 1.1.0 | 7.00 | 279.00 | 286.00 | OK | |
| r-oldrel-windows-x86_64 | 1.1.0 | 11.00 | 237.00 | 248.00 | OK |
Version: 1.1.0
Check: HTML version of manual
Result: NOTE
Found the following HTML validation problems:
get_descriptions.html:59:1 (get_descriptions.Rd:17): Warning: missing </ul> before </div>
Flavor: r-devel-linux-x86_64-debian-clang