Last updated on 2025-10-24 05:50:58 CEST.
| Flavor | Version | Tinstall | Tcheck | Ttotal | Status | Flags |
|---|---|---|---|---|---|---|
| r-devel-linux-x86_64-debian-clang | 1.1 | 5.41 | 41.32 | 46.73 | NOTE | |
| r-devel-linux-x86_64-debian-gcc | 1.1 | 3.95 | 30.83 | 34.78 | NOTE | |
| r-devel-linux-x86_64-fedora-clang | 1.1 | 15.00 | 57.86 | 72.86 | OK | |
| r-devel-linux-x86_64-fedora-gcc | 1.1 | 14.00 | 55.60 | 69.60 | OK | |
| r-devel-windows-x86_64 | 1.1 | 7.00 | 59.00 | 66.00 | OK | |
| r-patched-linux-x86_64 | 1.1 | 6.64 | 39.79 | 46.43 | OK | |
| r-release-linux-x86_64 | 1.1 | 5.80 | 40.73 | 46.53 | OK | |
| r-release-macos-arm64 | 1.1 | 3.00 | 26.00 | 29.00 | OK | |
| r-release-macos-x86_64 | 1.1 | 6.00 | 40.00 | 46.00 | OK | |
| r-release-windows-x86_64 | 1.1 | 7.00 | 61.00 | 68.00 | OK | |
| r-oldrel-macos-arm64 | 1.1 | 3.00 | 21.00 | 24.00 | OK | |
| r-oldrel-macos-x86_64 | 1.1 | 4.00 | 32.00 | 36.00 | OK | |
| r-oldrel-windows-x86_64 | 1.1 | 10.00 | 70.00 | 80.00 | OK |
Version: 1.1
Check: CRAN incoming feasibility
Result: NOTE
Maintainer: ‘Luis Benites Sanchez <lbenitesanchez@gmail.com>’
No Authors@R field in DESCRIPTION.
Please add one, modifying
Authors@R: c(person(given = c("Luis", "Benites"),
family = "Sanchez",
role = c("aut", "cre"),
email = "lbenitesanchez@gmail.com"),
person(given = c("Clecio", "da", "Silva"),
family = "Ferreira",
role = "aut"))
as necessary.
Flavors: r-devel-linux-x86_64-debian-clang, r-devel-linux-x86_64-debian-gcc
Version: 1.1
Check: HTML version of manual
Result: NOTE
Found the following HTML validation problems:
ssmn.html:89:1 (ssmn.Rd:28): Warning: missing </ul> before </div>
Flavor: r-devel-linux-x86_64-debian-clang