Last updated on 2025-10-24 18:50:09 CEST.
| Flavor | Version | Tinstall | Tcheck | Ttotal | Status | Flags |
|---|---|---|---|---|---|---|
| r-devel-linux-x86_64-debian-clang | 0.1.1 | 2.45 | 70.36 | 72.81 | OK | |
| r-devel-linux-x86_64-debian-gcc | 0.1.1 | 1.94 | 49.83 | 51.77 | OK | |
| r-devel-linux-x86_64-fedora-clang | 0.1.1 | 108.56 | NOTE | |||
| r-devel-linux-x86_64-fedora-gcc | 0.1.1 | 121.79 | NOTE | |||
| r-devel-windows-x86_64 | 0.1.1 | 5.00 | 79.00 | 84.00 | OK | |
| r-patched-linux-x86_64 | 0.1.1 | 2.29 | 69.46 | 71.75 | OK | |
| r-release-linux-x86_64 | 0.1.1 | 2.43 | 69.30 | 71.73 | OK | |
| r-release-macos-arm64 | 0.1.1 | 1.00 | 40.00 | 41.00 | OK | |
| r-release-macos-x86_64 | 0.1.1 | 2.00 | 69.00 | 71.00 | OK | |
| r-release-windows-x86_64 | 0.1.1 | 4.00 | 84.00 | 88.00 | OK | |
| r-oldrel-macos-arm64 | 0.1.1 | 1.00 | 36.00 | 37.00 | OK | |
| r-oldrel-macos-x86_64 | 0.1.1 | 2.00 | 56.00 | 58.00 | OK | |
| r-oldrel-windows-x86_64 | 0.1.1 | 5.00 | 105.00 | 110.00 | OK |
Version: 0.1.1
Check: dependencies in R code
Result: NOTE
Namespace in Imports field not imported from: ‘e1071’
All declared Imports should be used.
Flavors: r-devel-linux-x86_64-fedora-clang, r-devel-linux-x86_64-fedora-gcc