Last updated on 2025-10-24 05:50:58 CEST.
| Flavor | Version | Tinstall | Tcheck | Ttotal | Status | Flags |
|---|---|---|---|---|---|---|
| r-devel-linux-x86_64-debian-clang | 1.2.2 | 62.26 | 38.98 | 101.24 | OK | |
| r-devel-linux-x86_64-debian-gcc | 1.2.2 | 51.56 | 34.27 | 85.83 | OK | |
| r-devel-linux-x86_64-fedora-clang | 1.2.2 | 134.00 | 17.84 | 151.84 | OK | |
| r-devel-linux-x86_64-fedora-gcc | 1.2.2 | 166.00 | 11.17 | 177.17 | OK | |
| r-devel-windows-x86_64 | 1.2.2 | 62.00 | 73.00 | 135.00 | OK | |
| r-patched-linux-x86_64 | 1.2.2 | 69.89 | 44.78 | 114.67 | OK | |
| r-release-linux-x86_64 | 1.2.2 | 71.08 | 45.28 | 116.36 | OK | |
| r-release-macos-arm64 | 1.2.2 | 33.00 | 28.00 | 61.00 | OK | |
| r-release-macos-x86_64 | 1.2.2 | 64.00 | 41.00 | 105.00 | OK | |
| r-release-windows-x86_64 | 1.2.2 | 63.00 | 80.00 | 143.00 | OK | |
| r-oldrel-macos-arm64 | 1.2.2 | 24.00 | 28.00 | 52.00 | NOTE | |
| r-oldrel-macos-x86_64 | 1.2.2 | 92.00 | 41.00 | 133.00 | NOTE | |
| r-oldrel-windows-x86_64 | 1.2.2 | 77.00 | 98.00 | 175.00 | OK |
Version: 1.2.2
Check: installed package size
Result: NOTE
installed size is 35.7Mb
sub-directories of 1Mb or more:
libs 35.1Mb
Flavors: r-oldrel-macos-arm64, r-oldrel-macos-x86_64