CRAN Package Check Results for Package statgenGWAS

Last updated on 2025-10-21 11:53:40 CEST.

Flavor Version Tinstall Tcheck Ttotal Status Flags
r-devel-linux-x86_64-debian-clang 1.0.12 77.14 198.77 275.91 NOTE
r-devel-linux-x86_64-debian-gcc 1.0.12 46.76 138.41 185.17 NOTE
r-devel-linux-x86_64-fedora-clang 1.0.12 425.71 OK
r-devel-linux-x86_64-fedora-gcc 1.0.12 120.00 304.47 424.47 OK
r-devel-windows-x86_64 1.0.12 83.00 206.00 289.00 OK
r-patched-linux-x86_64 1.0.12 72.38 201.46 273.84 OK
r-release-linux-x86_64 1.0.12 78.18 200.06 278.24 OK
r-release-macos-arm64 1.0.12 126.00 OK
r-release-macos-x86_64 1.0.12 40.00 198.00 238.00 OK
r-release-windows-x86_64 1.0.12 84.00 199.00 283.00 OK
r-oldrel-macos-arm64 1.0.12 132.00 NOTE
r-oldrel-macos-x86_64 1.0.12 231.00 NOTE
r-oldrel-windows-x86_64 1.0.12 95.00 272.00 367.00 NOTE

Check Details

Version: 1.0.12
Check: HTML version of manual
Result: NOTE Found the following HTML validation problems: summary.GWAS.html:62:1 (summary.GWAS.Rd:19): Warning: missing </ul> before </div> Flavors: r-devel-linux-x86_64-debian-clang, r-devel-linux-x86_64-debian-gcc

Version: 1.0.12
Check: installed package size
Result: NOTE installed size is 9.8Mb sub-directories of 1Mb or more: data 3.6Mb libs 5.1Mb Flavors: r-oldrel-macos-arm64, r-oldrel-macos-x86_64, r-oldrel-windows-x86_64