Last updated on 2025-10-21 11:53:40 CEST.
Flavor | Version | Tinstall | Tcheck | Ttotal | Status | Flags |
---|---|---|---|---|---|---|
r-devel-linux-x86_64-debian-clang | 1.0.10 | 9.59 | 224.00 | 233.59 | NOTE | |
r-devel-linux-x86_64-debian-gcc | 1.0.10 | 5.92 | 152.63 | 158.55 | NOTE | |
r-devel-linux-x86_64-fedora-clang | 1.0.10 | 353.60 | OK | |||
r-devel-linux-x86_64-fedora-gcc | 1.0.10 | 22.00 | 339.52 | 361.52 | OK | |
r-devel-windows-x86_64 | 1.0.10 | 12.00 | 205.00 | 217.00 | OK | |
r-patched-linux-x86_64 | 1.0.10 | 10.65 | 211.22 | 221.87 | OK | |
r-release-linux-x86_64 | 1.0.10 | 9.76 | 210.54 | 220.30 | OK | |
r-release-macos-arm64 | 1.0.10 | 113.00 | OK | |||
r-release-macos-x86_64 | 1.0.10 | 8.00 | 207.00 | 215.00 | OK | |
r-release-windows-x86_64 | 1.0.10 | 12.00 | 204.00 | 216.00 | OK | |
r-oldrel-macos-arm64 | 1.0.10 | 117.00 | NOTE | |||
r-oldrel-macos-x86_64 | 1.0.10 | 198.00 | NOTE | |||
r-oldrel-windows-x86_64 | 1.0.10 | 15.00 | 272.00 | 287.00 | NOTE |
Version: 1.0.10
Check: HTML version of manual
Result: NOTE
Found the following HTML validation problems:
createVarComp.html:64:1 (createVarComp.Rd:24): Warning: missing </ul> before </div>
stability.html:61:1 (stability.Rd:18): Warning: missing </ul> before </div>
varCov.html:69:1 (varCov.Rd:22): Warning: missing </ul> before </div>
Flavors: r-devel-linux-x86_64-debian-clang, r-devel-linux-x86_64-debian-gcc
Version: 1.0.10
Check: package dependencies
Result: NOTE
Package suggested but not available for checking: ‘asreml’
Flavors: r-oldrel-macos-arm64, r-oldrel-macos-x86_64, r-oldrel-windows-x86_64