Last updated on 2025-10-21 23:51:12 CEST.
Flavor | Version | Tinstall | Tcheck | Ttotal | Status | Flags |
---|---|---|---|---|---|---|
r-devel-linux-x86_64-debian-clang | 1.0.0 | 4.10 | 43.04 | 47.14 | NOTE | |
r-devel-linux-x86_64-debian-gcc | 1.0.0 | 2.82 | 33.68 | 36.50 | NOTE | |
r-devel-linux-x86_64-fedora-clang | 1.0.0 | 70.70 | OK | |||
r-devel-linux-x86_64-fedora-gcc | 1.0.0 | 10.00 | 71.93 | 81.93 | OK | |
r-devel-windows-x86_64 | 1.0.0 | 5.00 | 62.00 | 67.00 | OK | |
r-patched-linux-x86_64 | 1.0.0 | 3.85 | 39.87 | 43.72 | OK | |
r-release-linux-x86_64 | 1.0.0 | 3.53 | 39.59 | 43.12 | OK | |
r-release-macos-arm64 | 1.0.0 | 2.00 | 40.00 | 42.00 | OK | |
r-release-macos-x86_64 | 1.0.0 | 3.00 | 57.00 | 60.00 | OK | |
r-release-windows-x86_64 | 1.0.0 | 5.00 | 61.00 | 66.00 | OK | |
r-oldrel-macos-arm64 | 1.0.0 | 2.00 | 40.00 | 42.00 | OK | |
r-oldrel-macos-x86_64 | 1.0.0 | 4.00 | 80.00 | 84.00 | OK | |
r-oldrel-windows-x86_64 | 1.0.0 | 6.00 | 73.00 | 79.00 | OK |
Version: 1.0.0
Check: HTML version of manual
Result: NOTE
Found the following HTML validation problems:
Stenographer.html:141:1 (Stenographer.Rd:108): Warning: <h5> anchor "Usage" already defined
Stenographer.html:147:1 (Stenographer.Rd:112): Warning: <h5> anchor "Arguments" already defined
Stenographer.html:170:1 (Stenographer.Rd:125): Warning: <h5> anchor "Usage" already defined
Stenographer.html:176:1 (Stenographer.Rd:129): Warning: <h5> anchor "Arguments" already defined
Stenographer.html:199:1 (Stenographer.Rd:142): Warning: <h5> anchor "Usage" already defined
Stenographer.html:215:1 (Stenographer.Rd:152): Warning: <h5> anchor "Usage" already defined
Stenographer.html:221:1 (Stenographer.Rd:156): Warning: <h5> anchor "Returns" already defined
Stenographer.html:238:1 (Stenographer.Rd:165): Warning: <h5> anchor "Usage" already defined
Stenographer.html:244:1 (Stenographer.Rd:169): Warning: <h5> anchor "Arguments" already defined
Stenographer.html:271:1 (Stenographer.Rd:186): Warning: <h5> anchor "Usage" already defined
Stenographer.html:277:1 (Stenographer.Rd:190): Warning: <h5> anchor "Arguments" already defined
Stenographer.html:302:1 (Stenographer.Rd:205): Warning: <h5> anchor "Usage" already defined
Stenographer.html:308:1 (Stenographer.Rd:209): Warning: <h5> anchor "Arguments" already defined
Stenographer.html:333:1 (Stenographer.Rd:224): Warning: <h5> anchor "Usage" already defined
Stenographer.html:339:1 (Stenographer.Rd:228): Warning: <h5> anchor "Arguments" already defined
Flavors: r-devel-linux-x86_64-debian-clang, r-devel-linux-x86_64-debian-gcc