Last updated on 2025-10-21 23:51:12 CEST.
Flavor | Version | Tinstall | Tcheck | Ttotal | Status | Flags |
---|---|---|---|---|---|---|
r-devel-linux-x86_64-debian-clang | 1.0.0 | 2.67 | 65.54 | 68.21 | NOTE | |
r-devel-linux-x86_64-debian-gcc | 1.0.0 | 2.05 | 45.13 | 47.18 | NOTE | |
r-devel-linux-x86_64-fedora-clang | 1.0.0 | 104.92 | OK | |||
r-devel-linux-x86_64-fedora-gcc | 1.0.0 | 108.00 | OK | |||
r-devel-windows-x86_64 | 1.0.0 | 5.00 | 74.00 | 79.00 | OK | |
r-patched-linux-x86_64 | 1.0.0 | 2.13 | 60.38 | 62.51 | OK | |
r-release-linux-x86_64 | 1.0.0 | 2.68 | 59.70 | 62.38 | OK | |
r-release-macos-arm64 | 1.0.0 | 2.00 | 46.00 | 48.00 | OK | |
r-release-macos-x86_64 | 1.0.0 | 7.00 | 100.00 | 107.00 | OK | |
r-release-windows-x86_64 | 1.0.0 | 5.00 | 74.00 | 79.00 | OK | |
r-oldrel-macos-arm64 | 1.0.0 | 2.00 | 34.00 | 36.00 | OK | |
r-oldrel-macos-x86_64 | 1.0.0 | 3.00 | 52.00 | 55.00 | OK | |
r-oldrel-windows-x86_64 | 1.0.0 | 7.00 | 93.00 | 100.00 | OK |
Version: 1.0.0
Check: HTML version of manual
Result: NOTE
Found the following HTML validation problems:
SymbolicMultiplication.html:52:1 (SymbolicMultiplication.Rd:14): Warning: missing </ul> before </div>
Flavors: r-devel-linux-x86_64-debian-clang, r-devel-linux-x86_64-debian-gcc