Last updated on 2025-10-21 11:53:41 CEST.
Flavor | Version | Tinstall | Tcheck | Ttotal | Status | Flags |
---|---|---|---|---|---|---|
r-devel-linux-x86_64-debian-clang | 0.1.2-1 | 4.65 | 30.79 | 35.44 | NOTE | |
r-devel-linux-x86_64-debian-gcc | 0.1.2-1 | 3.19 | 23.75 | 26.94 | NOTE | |
r-devel-linux-x86_64-fedora-clang | 0.1.2-1 | 49.29 | OK | |||
r-devel-linux-x86_64-fedora-gcc | 0.1.2-1 | 11.00 | 34.89 | 45.89 | OK | |
r-devel-windows-x86_64 | 0.1.2-1 | 8.00 | 56.00 | 64.00 | OK | |
r-patched-linux-x86_64 | 0.1.2-1 | 5.22 | 27.51 | 32.73 | OK | |
r-release-linux-x86_64 | 0.1.2-1 | 4.61 | 28.44 | 33.05 | OK | |
r-release-macos-arm64 | 0.1.2-1 | 23.00 | OK | |||
r-release-macos-x86_64 | 0.1.2-1 | 6.00 | 28.00 | 34.00 | OK | |
r-release-windows-x86_64 | 0.1.2-1 | 10.00 | 64.00 | 74.00 | OK | |
r-oldrel-macos-arm64 | 0.1.2-1 | 19.00 | OK | |||
r-oldrel-macos-x86_64 | 0.1.2-1 | 26.00 | OK | |||
r-oldrel-windows-x86_64 | 0.1.2-1 | 8.00 | 50.00 | 58.00 | OK |
Version: 0.1.2-1
Check: CRAN incoming feasibility
Result: NOTE
Maintainer: ‘David Cortes <david.cortes.rivera@gmail.com>’
No Authors@R field in DESCRIPTION.
Please add one, modifying
Authors@R: person(given = "David",
family = "Cortes",
role = c("aut", "cre"),
email = "david.cortes.rivera@gmail.com")
as necessary.
The Description field contains
2016 <arXiv:1401.7020>), adaQN (adaptive quasi-Newton) (Keskar, N.S.,
Berahas, A.S., 2016, <arXiv:1511.01169>). Provides functions for
Please refer to arXiv e-prints via their arXiv DOI <doi:10.48550/arXiv.YYMM.NNNNN>.
Flavors: r-devel-linux-x86_64-debian-clang, r-devel-linux-x86_64-debian-gcc
Version: 0.1.2-1
Check: HTML version of manual
Result: NOTE
Found the following HTML validation problems:
print.SQN.html:51:1 (print.SQN.Rd:12): Warning: missing </ul> before </div>
print.SQN_free.html:51:1 (print.SQN_free.Rd:12): Warning: missing </ul> before </div>
print.adaQN.html:51:1 (print.adaQN.Rd:12): Warning: missing </ul> before </div>
print.adaQN_free.html:51:1 (print.adaQN_free.Rd:12): Warning: missing </ul> before </div>
print.oLBFGS.html:51:1 (print.oLBFGS.Rd:12): Warning: missing </ul> before </div>
print.oLBFGS_free.html:51:1 (print.oLBFGS_free.Rd:12): Warning: missing </ul> before </div>
Flavors: r-devel-linux-x86_64-debian-clang, r-devel-linux-x86_64-debian-gcc