Last updated on 2025-10-22 11:51:27 CEST.
Flavor | Version | Tinstall | Tcheck | Ttotal | Status | Flags |
---|---|---|---|---|---|---|
r-devel-linux-x86_64-debian-clang | 0.1.9 | 7.01 | 132.94 | 139.95 | NOTE | |
r-devel-linux-x86_64-debian-gcc | 0.1.9 | 5.46 | 99.10 | 104.56 | NOTE | |
r-devel-linux-x86_64-fedora-clang | 0.1.9 | 29.00 | 187.31 | 216.31 | OK | |
r-devel-linux-x86_64-fedora-gcc | 0.1.9 | 18.00 | 200.68 | 218.68 | OK | |
r-devel-windows-x86_64 | 0.1.9 | 9.00 | 132.00 | 141.00 | OK | |
r-patched-linux-x86_64 | 0.1.9 | 8.19 | 126.86 | 135.05 | OK | |
r-release-linux-x86_64 | 0.1.9 | 7.76 | 127.23 | 134.99 | OK | |
r-release-macos-arm64 | 0.1.9 | 4.00 | 63.00 | 67.00 | OK | |
r-release-macos-x86_64 | 0.1.9 | 7.00 | 158.00 | 165.00 | OK | |
r-release-windows-x86_64 | 0.1.9 | 12.00 | 135.00 | 147.00 | OK | |
r-oldrel-macos-arm64 | 0.1.9 | 4.00 | 61.00 | 65.00 | OK | |
r-oldrel-macos-x86_64 | 0.1.9 | 8.00 | 108.00 | 116.00 | OK | |
r-oldrel-windows-x86_64 | 0.1.9 | 12.00 | 167.00 | 179.00 | OK |
Version: 0.1.9
Check: CRAN incoming feasibility
Result: NOTE
Maintainer: ‘Rachael C. Aikens <rockyaikens@gmail.com>’
Package CITATION file contains call(s) to old-style personList() or
as.personList(). Please use c() on person objects instead.
Package CITATION file contains call(s) to old-style citEntry(). Please
use bibentry() instead.
Flavors: r-devel-linux-x86_64-debian-clang, r-devel-linux-x86_64-debian-gcc
Version: 0.1.9
Check: HTML version of manual
Result: NOTE
Found the following HTML validation problems:
make_SR_plot.html:54:1 (make_SR_plot.Rd:15): Warning: missing </ul> before </div>
make_hist_plot.html:61:1 (make_hist_plot.Rd:19): Warning: missing </ul> before </div>
make_resid_plot.html:48:1 (make_resid_plot.Rd:10): Warning: missing </ul> before </div>
Flavors: r-devel-linux-x86_64-debian-clang, r-devel-linux-x86_64-debian-gcc