Last updated on 2025-10-24 18:50:09 CEST.
| Flavor | Version | Tinstall | Tcheck | Ttotal | Status | Flags |
|---|---|---|---|---|---|---|
| r-devel-linux-x86_64-debian-clang | 0.2.0 | 2.36 | 48.83 | 51.19 | NOTE | |
| r-devel-linux-x86_64-debian-gcc | 0.2.0 | 1.80 | 38.42 | 40.22 | NOTE | |
| r-devel-linux-x86_64-fedora-clang | 0.2.0 | 77.97 | NOTE | |||
| r-devel-linux-x86_64-fedora-gcc | 0.2.0 | 86.59 | NOTE | |||
| r-devel-windows-x86_64 | 0.2.0 | 5.00 | 63.00 | 68.00 | NOTE | |
| r-patched-linux-x86_64 | 0.2.0 | 2.63 | 46.31 | 48.94 | NOTE | |
| r-release-linux-x86_64 | 0.2.0 | 2.10 | 45.55 | 47.65 | NOTE | |
| r-release-macos-arm64 | 0.2.0 | 1.00 | 34.00 | 35.00 | NOTE | |
| r-release-macos-x86_64 | 0.2.0 | 2.00 | 58.00 | 60.00 | NOTE | |
| r-release-windows-x86_64 | 0.2.0 | 5.00 | 65.00 | 70.00 | NOTE | |
| r-oldrel-macos-arm64 | 0.2.0 | 1.00 | 33.00 | 34.00 | OK | |
| r-oldrel-macos-x86_64 | 0.2.0 | 2.00 | 43.00 | 45.00 | OK | |
| r-oldrel-windows-x86_64 | 0.2.0 | 5.00 | 77.00 | 82.00 | OK |
Version: 0.2.0
Check: DESCRIPTION meta-information
Result: NOTE
Missing dependency on R >= 4.1.0 because package code uses the pipe
|> or function shorthand \(...) syntax added in R 4.1.0.
File(s) using such syntax:
‘apportion_inverse.R’ ‘apportion_polygon.R’ ‘apportion_web.R’
‘prep_reach_dist.R’
Flavors: r-devel-linux-x86_64-debian-clang, r-devel-linux-x86_64-debian-gcc, r-devel-linux-x86_64-fedora-clang, r-devel-linux-x86_64-fedora-gcc, r-devel-windows-x86_64, r-patched-linux-x86_64, r-release-linux-x86_64, r-release-macos-arm64, r-release-macos-x86_64, r-release-windows-x86_64