CRAN Package Check Results for Package streamR

Last updated on 2025-10-21 17:50:03 CEST.

Flavor Version Tinstall Tcheck Ttotal Status Flags
r-devel-linux-x86_64-debian-clang 0.4.5 3.51 33.63 37.14 NOTE
r-devel-linux-x86_64-debian-gcc 0.4.5 2.51 26.05 28.56 NOTE
r-devel-linux-x86_64-fedora-clang 0.4.5 11.00 44.08 55.08 OK
r-devel-linux-x86_64-fedora-gcc 0.4.5 10.00 41.57 51.57 OK
r-devel-windows-x86_64 0.4.5 5.00 54.00 59.00 OK
r-patched-linux-x86_64 0.4.5 3.62 32.46 36.08 OK
r-release-linux-x86_64 0.4.5 3.28 32.01 35.29 OK
r-release-macos-arm64 0.4.5 2.00 20.00 22.00 OK
r-release-macos-x86_64 0.4.5 3.00 30.00 33.00 OK
r-release-windows-x86_64 0.4.5 5.00 65.00 70.00 OK
r-oldrel-macos-arm64 0.4.5 2.00 20.00 22.00 OK
r-oldrel-macos-x86_64 0.4.5 3.00 28.00 31.00 OK
r-oldrel-windows-x86_64 0.4.5 7.00 61.00 68.00 OK

Check Details

Version: 0.4.5
Check: CRAN incoming feasibility
Result: NOTE Maintainer: ‘Pablo Barbera <pablo.barbera@nyu.edu>’ No Authors@R field in DESCRIPTION. Please add one, modifying Authors@R: person(given = "Pablo", family = "Barbera", role = c("aut", "cre"), email = "pablo.barbera@nyu.edu") as necessary. Flavors: r-devel-linux-x86_64-debian-clang, r-devel-linux-x86_64-debian-gcc

Version: 0.4.5
Check: HTML version of manual
Result: NOTE Found the following HTML validation problems: createOAuthToken.html:60:1 (createOAuthToken.Rd:16): Warning: missing </ul> before </div> Flavors: r-devel-linux-x86_64-debian-clang, r-devel-linux-x86_64-debian-gcc