CRAN Package Check Results for Package subformula

Last updated on 2025-10-24 05:50:58 CEST.

Flavor Version Tinstall Tcheck Ttotal Status Flags
r-devel-linux-x86_64-debian-clang 0.1.0 1.62 22.76 24.38 OK
r-devel-linux-x86_64-debian-gcc 0.1.0 1.36 19.14 20.50 OK
r-devel-linux-x86_64-fedora-clang 0.1.0 35.65 OK
r-devel-linux-x86_64-fedora-gcc 0.1.0 48.75 OK
r-devel-windows-x86_64 0.1.0 2.00 41.00 43.00 OK
r-patched-linux-x86_64 0.1.0 1.77 20.72 22.49 OK
r-release-linux-x86_64 0.1.0 1.70 20.72 22.42 OK
r-release-macos-arm64 0.1.0 1.00 29.00 30.00 OK
r-release-macos-x86_64 0.1.0 2.00 37.00 39.00 OK
r-release-windows-x86_64 0.1.0 3.00 43.00 46.00 OK
r-oldrel-macos-arm64 0.1.0 1.00 20.00 21.00 NOTE
r-oldrel-macos-x86_64 0.1.0 1.00 29.00 30.00 NOTE
r-oldrel-windows-x86_64 0.1.0 4.00 48.00 52.00 NOTE

Check Details

Version: 0.1.0
Check: LazyData
Result: NOTE 'LazyData' is specified without a 'data' directory Flavors: r-oldrel-macos-arm64, r-oldrel-macos-x86_64, r-oldrel-windows-x86_64