CRAN Package Check Results for Package subgroup

Last updated on 2025-10-21 17:50:04 CEST.

Flavor Version Tinstall Tcheck Ttotal Status Flags
r-devel-linux-x86_64-debian-clang 1.1 2.18 20.00 22.18 NOTE
r-devel-linux-x86_64-debian-gcc 1.1 1.51 16.13 17.64 NOTE
r-devel-linux-x86_64-fedora-clang 1.1 33.40 OK
r-devel-linux-x86_64-fedora-gcc 1.1 31.41 OK
r-devel-windows-x86_64 1.1 3.00 39.00 42.00 OK
r-patched-linux-x86_64 1.1 2.30 19.24 21.54 OK
r-release-linux-x86_64 1.1 1.95 19.27 21.22 OK
r-release-macos-arm64 1.1 1.00 13.00 14.00 OK
r-release-macos-x86_64 1.1 2.00 22.00 24.00 OK
r-release-windows-x86_64 1.1 5.00 46.00 51.00 OK
r-oldrel-macos-arm64 1.1 1.00 14.00 15.00 OK
r-oldrel-macos-x86_64 1.1 2.00 18.00 20.00 OK
r-oldrel-windows-x86_64 1.1 2.00 39.00 41.00 OK

Check Details

Version: 1.1
Check: CRAN incoming feasibility
Result: NOTE Maintainer: ‘I. Manjula Schou <im.schou@yahoo.com.au>’ No Authors@R field in DESCRIPTION. Please add one, modifying Authors@R: person(given = c("I.", "Manjula"), family = "Schou", role = c("aut", "cre"), email = "im.schou@yahoo.com.au") as necessary. Flavors: r-devel-linux-x86_64-debian-clang, r-devel-linux-x86_64-debian-gcc