Last updated on 2024-05-26 21:49:31 CEST.
Flavor | Version | Tinstall | Tcheck | Ttotal | Status | Flags |
---|---|---|---|---|---|---|
r-devel-linux-x86_64-debian-clang | 1.0.4 | 10.58 | 81.19 | 91.77 | NOTE | |
r-devel-linux-x86_64-debian-gcc | 1.0.4 | 5.61 | 60.60 | 66.21 | NOTE | |
r-devel-linux-x86_64-fedora-clang | 1.0.4 | 116.34 | NOTE | |||
r-devel-linux-x86_64-fedora-gcc | 1.0.4 | 105.57 | NOTE | |||
r-devel-windows-x86_64 | 1.0.4 | 9.00 | 75.00 | 84.00 | NOTE | |
r-patched-linux-x86_64 | 1.0.4 | 14.80 | 79.72 | 94.52 | NOTE | |
r-release-linux-x86_64 | 1.0.4 | 9.81 | 78.19 | 88.00 | NOTE | |
r-release-macos-arm64 | 1.0.4 | 36.00 | NOTE | |||
r-release-windows-x86_64 | 1.0.4 | 8.00 | 77.00 | 85.00 | NOTE | |
r-oldrel-macos-arm64 | 1.0.4 | 39.00 | OK | |||
r-oldrel-macos-x86_64 | 1.0.4 | 53.00 | OK | |||
r-oldrel-windows-x86_64 | 1.0.4 | 10.00 | 90.00 | 100.00 | OK |
Version: 1.0.4
Check: Rd files
Result: NOTE
checkRd: (-1) P3C.Rd:18: Lost braces; missing escapes or markup?
18 | used for this will be 1.00*10^{-PoissonThreshold}.}
| ^
Flavors: r-devel-linux-x86_64-debian-clang, r-devel-linux-x86_64-debian-gcc, r-devel-linux-x86_64-fedora-clang, r-devel-linux-x86_64-fedora-gcc, r-devel-windows-x86_64, r-patched-linux-x86_64, r-release-linux-x86_64, r-release-macos-arm64, r-release-windows-x86_64