Last updated on 2025-10-24 05:50:58 CEST.
| Flavor | Version | Tinstall | Tcheck | Ttotal | Status | Flags |
|---|---|---|---|---|---|---|
| r-devel-linux-x86_64-debian-clang | 1.1.1 | 14.65 | 244.64 | 259.29 | NOTE | |
| r-devel-linux-x86_64-debian-gcc | 1.1.1 | 10.50 | 162.72 | 173.22 | OK | |
| r-devel-linux-x86_64-fedora-clang | 1.1.1 | 80.00 | 343.20 | 423.20 | OK | |
| r-devel-linux-x86_64-fedora-gcc | 1.1.1 | 32.00 | 383.61 | 415.61 | OK | |
| r-devel-windows-x86_64 | 1.1.1 | 18.00 | 257.00 | 275.00 | OK | |
| r-patched-linux-x86_64 | 1.1.1 | 15.14 | 232.41 | 247.55 | OK | |
| r-release-linux-x86_64 | 1.1.1 | 14.24 | 231.40 | 245.64 | OK | |
| r-release-macos-arm64 | 1.1.1 | 6.00 | 111.00 | 117.00 | OK | |
| r-release-macos-x86_64 | 1.1.1 | 21.00 | 252.00 | 273.00 | OK | |
| r-release-windows-x86_64 | 1.1.1 | 16.00 | 256.00 | 272.00 | OK | |
| r-oldrel-macos-arm64 | 1.1.1 | 7.00 | 118.00 | 125.00 | OK | |
| r-oldrel-macos-x86_64 | 1.1.1 | 20.00 | 297.00 | 317.00 | OK | |
| r-oldrel-windows-x86_64 | 1.1.1 | 22.00 | 333.00 | 355.00 | OK |
Version: 1.1.1
Check: HTML version of manual
Result: NOTE
Found the following HTML validation problems:
bernoulli_ARL_MC.html:57:1 (bernoulli_ARL_MC.Rd:16): Warning: missing </ul> before </div>
bernoulli_ARL_SPRT.html:96:1 (bernoulli_ARL_SPRT.Rd:41): Warning: missing </ul> before </div>
bernoulli_cdf_MC.html:57:1 (bernoulli_cdf_MC.Rd:16): Warning: missing </ul> before </div>
calc_MC_trans_matrix.html:90:1 (calc_MC_trans_matrix.Rd:37): Warning: missing </ul> before </div>
calc_Wncdf.html:87:1 (calc_Wncdf.Rd:34): Warning: missing </ul> before </div>
Flavor: r-devel-linux-x86_64-debian-clang