CRAN Package Check Results for Package superml

Last updated on 2025-10-21 23:51:13 CEST.

Flavor Version Tinstall Tcheck Ttotal Status Flags
r-devel-linux-x86_64-debian-clang 0.5.7 40.79 71.73 112.52 NOTE
r-devel-linux-x86_64-debian-gcc 0.5.7 27.55 53.48 81.03 NOTE
r-devel-linux-x86_64-fedora-clang 0.5.7 293.00 -95.45 197.55 OK
r-devel-linux-x86_64-fedora-gcc 0.5.7 97.00 95.54 192.54 OK
r-devel-windows-x86_64 0.5.7 48.00 110.00 158.00 NOTE
r-patched-linux-x86_64 0.5.7 47.21 65.10 112.31 NOTE
r-release-linux-x86_64 0.5.7 39.79 65.04 104.83 NOTE
r-release-macos-arm64 0.5.7 17.00 46.00 63.00 OK
r-release-macos-x86_64 0.5.7 34.00 78.00 112.00 OK
r-release-windows-x86_64 0.5.7 49.00 109.00 158.00 NOTE
r-oldrel-macos-arm64 0.5.7 16.00 38.00 54.00 OK
r-oldrel-macos-x86_64 0.5.7 24.00 65.00 89.00 OK
r-oldrel-windows-x86_64 0.5.7 59.00 130.00 189.00 OK

Check Details

Version: 0.5.7
Check: Rd cross-references
Result: NOTE Found the following Rd file(s) with Rd \link{} targets missing package anchors: KNNTrainer.Rd: R6Class LabelEncoder.Rd: R6Class Please provide package anchors for all Rd \link{} targets not in the package itself and the base packages. Flavors: r-devel-linux-x86_64-debian-clang, r-devel-linux-x86_64-debian-gcc, r-devel-windows-x86_64, r-patched-linux-x86_64, r-release-linux-x86_64, r-release-windows-x86_64

Version: 0.5.7
Check: HTML version of manual
Result: NOTE Found the following HTML validation problems: CountVectorizer.html:170:1 (CountVectorizer.Rd:142): Warning: <h5> anchor "Usage" already defined CountVectorizer.html:176:1 (CountVectorizer.Rd:146): Warning: <h5> anchor "Arguments" already defined CountVectorizer.html:189:1 (CountVectorizer.Rd:153): Warning: <h5> anchor "Details" already defined CountVectorizer.html:196:1 (CountVectorizer.Rd:157): Warning: <h5> anchor "Returns" already defined CountVectorizer.html:203:1 (CountVectorizer.Rd:160): Warning: <h5> anchor "Examples" already defined CountVectorizer.html:223:1 (CountVectorizer.Rd:176): Warning: <h5> anchor "Usage" already defined CountVectorizer.html:229:1 (CountVectorizer.Rd:180): Warning: <h5> anchor "Arguments" already defined CountVectorizer.html:242:1 (CountVectorizer.Rd:187): Warning: <h5> anchor "Details" already defined CountVectorizer.html:249:1 (CountVectorizer.Rd:191): Warning: <h5> anchor "Returns" already defined CountVectorizer.html:256:1 (CountVectorizer.Rd:194): Warning: <h5> anchor "Examples" already defined CountVectorizer.html:276:1 (CountVectorizer.Rd:210): Warning: <h5> anchor "Usage" already defined CountVectorizer.html:282:1 (CountVectorizer.Rd:214): Warning: <h5> anchor "Arguments" already defined CountVectorizer.html:295:1 (CountVectorizer.Rd:221): Warning: <h5> anchor "Details" already defined CountVectorizer.html:302:1 (CountVectorizer.Rd:225): Warning: <h5> anchor "Returns" already defined CountVectorizer.html:309:1 (CountVectorizer.Rd:228): Warning: <h5> anchor "Examples" already defined CountVectorizer.html:333:1 (CountVectorizer.Rd:247): Warning: <h5> anchor "Usage" already defined CountVectorizer.html:339:1 (CountVectorizer.Rd:251): Warning: <h5> anchor "Arguments" already defined GridSearchCV.html:148:1 (GridSearchCV.Rd:125): Warning: <h5> anchor "Usage" already defined GridSearchCV.html:154:1 (GridSearchCV.Rd:129): Warning: <h5> anchor "Arguments" already defined GridSearchCV.html:169:1 (GridSearchCV.Rd:138): Warning: <h5> anchor "Details" already defined GridSearchCV.html:176:1 (GridSearchCV.Rd:142): Warning: <h5> anchor "Returns" already defined GridSearchCV.html:183:1 (GridSearchCV.Rd:145): Warning: <h5> anchor "Examples" already defined GridSearchCV.html:207:1 (GridSearchCV.Rd:165): Warning: <h5> anchor "Usage" already defined GridSearchCV.html:213:1 (GridSearchCV.Rd:169): Warning: <h5> anchor "Arguments" already defined GridSearchCV.html:226:1 (GridSearchCV.Rd:176): Warning: <h5> anchor "Details" already defined GridSearchCV.html:233:1 (GridSearchCV.Rd:180): Warning: <h5> anchor "Returns" already defined GridSearchCV.html:240:1 (GridSearchCV.Rd:183): Warning: <h5> anchor "Examples" already defined GridSearchCV.html:267:1 (GridSearchCV.Rd:205): Warning: <h5> anchor "Usage" already defined GridSearchCV.html:273:1 (GridSearchCV.Rd:209): Warning: <h5> anchor "Arguments" already defined KMeansTrainer.html:194:1 (KMeansTrainer.Rd:163): Warning: <h5> anchor "Usage" already defined KMeansTrainer.html:200:1 (KMeansTrainer.Rd:167): Warning: <h5> anchor "Arguments" already defined KMeansTrainer.html:217:1 (KMeansTrainer.Rd:178): Warning: <h5> anchor "Details" already defined KMeansTrainer.html:224:1 (KMeansTrainer.Rd:182): Warning: <h5> anchor "Returns" already defined KMeansTrainer.html:231:1 (KMeansTrainer.Rd:185): Warning: <h5> anchor "Examples" already defined KMeansTrainer.html:252:1 (KMeansTrainer.Rd:202): Warning: <h5> anchor "Usage" already defined KMeansTrainer.html:258:1 (KMeansTrainer.Rd:206): Warning: <h5> anchor "Arguments" already defined KMeansTrainer.html:271:1 (KMeansTrainer.Rd:213): Warning: <h5> anchor "Details" already defined KMeansTrainer.html:278:1 (KMeansTrainer.Rd:217): Warning: <h5> anchor "Returns" already defined KMeansTrainer.html:285:1 (KMeansTrainer.Rd:220): Warning: <h5> anchor "Examples" already defined KMeansTrainer.html:309:1 (KMeansTrainer.Rd:239): Warning: <h5> anchor "Usage" already defined KMeansTrainer.html:315:1 (KMeansTrainer.Rd:243): Warning: <h5> anchor "Arguments" already defined KNNTrainer.html:95:1 (KNNTrainer.Rd:113): Warning: <h3> anchor "Methods" already defined KNNTrainer.html:126:1 (KNNTrainer.Rd:126): Warning: <h5> anchor "Usage" already defined KNNTrainer.html:132:1 (KNNTrainer.Rd:130): Warning: <h5> anchor "Arguments" already defined KNNTrainer.html:191:1 (KNNTrainer.Rd:172): Warning: <h5> anchor "Usage" already defined KNNTrainer.html:197:1 (KNNTrainer.Rd:176): Warning: <h5> anchor "Arguments" already defined KNNTrainer.html:214:1 (KNNTrainer.Rd:187): Warning: <h5> anchor "Details" already defined KNNTrainer.html:221:1 (KNNTrainer.Rd:191): Warning: <h5> anchor "Returns" already defined KNNTrainer.html:228:1 (KNNTrainer.Rd:194): Warning: <h5> anchor "Examples" already defined KNNTrainer.html:253:1 (KNNTrainer.Rd:215): Warning: <h5> anchor "Usage" already defined KNNTrainer.html:259:1 (KNNTrainer.Rd:219): Warning: <h5> anchor "Arguments" already defined KNNTrainer.html:272:1 (KNNTrainer.Rd:226): Warning: <h5> anchor "Details" already defined KNNTrainer.html:279:1 (KNNTrainer.Rd:230): Warning: <h5> anchor "Returns" already defined KNNTrainer.html:286:1 (KNNTrainer.Rd:233): Warning: <h5> anchor "Examples" already defined KNNTrainer.html:314:1 (KNNTrainer.Rd:256): Warning: <h5> anchor "Usage" already defined KNNTrainer.html:320:1 (KNNTrainer.Rd:260): Warning: <h5> anchor "Arguments" already defined LMTrainer.html:171:1 (LMTrainer.Rd:191): Warning: <h5> anchor "Usage" already defined LMTrainer.html:177:1 (LMTrainer.Rd:195): Warning: <h5> anchor "Arguments" already defined LMTrainer.html:192:1 (LMTrainer.Rd:204): Warning: <h5> anchor "Details" already defined LMTrainer.html:199:1 (LMTrainer.Rd:208): Warning: <h5> anchor "Returns" already defined LMTrainer.html:206:1 (LMTrainer.Rd:211): Warning: <h5> anchor "Examples" already defined LMTrainer.html:231:1 (LMTrainer.Rd:232): Warning: <h5> anchor "Usage" already defined LMTrainer.html:237:1 (LMTrainer.Rd:236): Warning: <h5> anchor "Arguments" already defined LMTrainer.html:252:1 (LMTrainer.Rd:245): Warning: <h5> anchor "Details" already defined LMTrainer.html:259:1 (LMTrainer.Rd:249): Warning: <h5> anchor "Returns" already defined LMTrainer.html:266:1 (LMTrainer.Rd:252): Warning: <h5> anchor "Examples" already defined LMTrainer.html:292:1 (LMTrainer.Rd:274): Warning: <h5> anchor "Usage" already defined LMTrainer.html:298:1 (LMTrainer.Rd:278): Warning: <h5> anchor "Arguments" already defined LMTrainer.html:319:1 (LMTrainer.Rd:293): Warning: <h5> anchor "Details" already defined LMTrainer.html:326:1 (LMTrainer.Rd:297): Warning: <h5> anchor "Returns" already defined LMTrainer.html:333:1 (LMTrainer.Rd:300): Warning: <h5> anchor "Examples" already defined LMTrainer.html:358:1 (LMTrainer.Rd:321): Warning: <h5> anchor "Usage" already defined LMTrainer.html:364:1 (LMTrainer.Rd:325): Warning: <h5> anchor "Arguments" already defined LMTrainer.html:379:1 (LMTrainer.Rd:334): Warning: <h5> anchor "Details" already defined LMTrainer.html:386:1 (LMTrainer.Rd:338): Warning: <h5> anchor "Returns" already defined LMTrainer.html:393:1 (LMTrainer.Rd:341): Warning: <h5> anchor "Examples" already defined LMTrainer.html:419:1 (LMTrainer.Rd:363): Warning: <h5> anchor "Usage" already defined LMTrainer.html:425:1 (LMTrainer.Rd:367): Warning: <h5> anchor "Details" already defined LMTrainer.html:432:1 (LMTrainer.Rd:371): Warning: <h5> anchor "Returns" already defined LMTrainer.html:439:1 (LMTrainer.Rd:374): Warning: <h5> anchor "Examples" already defined LMTrainer.html:468:1 (LMTrainer.Rd:398): Warning: <h5> anchor "Usage" already defined LMTrainer.html:474:1 (LMTrainer.Rd:402): Warning: <h5> anchor "Arguments" already defined LabelEncoder.html:93:1 (LabelEncoder.Rd:100): Warning: <h3> anchor "Methods" already defined LabelEncoder.html:127:1 (LabelEncoder.Rd:114): Warning: <h5> anchor "Usage" already defined LabelEncoder.html:133:1 (LabelEncoder.Rd:118): Warning: <h5> anchor "Arguments" already defined LabelEncoder.html:181:1 (LabelEncoder.Rd:149): Warning: <h5> anchor "Usage" already defined LabelEncoder.html:187:1 (LabelEncoder.Rd:153): Warning: <h5> anchor "Arguments" already defined LabelEncoder.html:200:1 (LabelEncoder.Rd:160): Warning: <h5> anchor "Details" already defined LabelEncoder.html:207:1 (LabelEncoder.Rd:164): Warning: <h5> anchor "Returns" already defined LabelEncoder.html:214:1 (LabelEncoder.Rd:167): Warning: <h5> anchor "Examples" already defined LabelEncoder.html:234:1 (LabelEncoder.Rd:183): Warning: <h5> anchor "Usage" already defined LabelEncoder.html:240:1 (LabelEncoder.Rd:187): Warning: <h5> anchor "Arguments" already defined LabelEncoder.html:253:1 (LabelEncoder.Rd:194): Warning: <h5> anchor "Details" already defined LabelEncoder.html:260:1 (LabelEncoder.Rd:198): Warning: <h5> anchor "Returns" already defined LabelEncoder.html:267:1 (LabelEncoder.Rd:201): Warning: <h5> anchor "Examples" already defined LabelEncoder.html:287:1 (LabelEncoder.Rd:217): Warning: <h5> anchor "Usage" already defined LabelEncoder.html:293:1 (LabelEncoder.Rd:221): Warning: <h5> anchor "Arguments" already defined LabelEncoder.html:306:1 (LabelEncoder.Rd:228): Warning: <h5> anchor "Details" already defined LabelEncoder.html:313:1 (LabelEncoder.Rd:232): Warning: <h5> anchor "Returns" already defined LabelEncoder.html:320:1 (LabelEncoder.Rd:235): Warning: <h5> anchor "Examples" already defined LabelEncoder.html:343:1 (LabelEncoder.Rd:253): Warning: <h5> anchor "Usage" already defined LabelEncoder.html:349:1 (LabelEncoder.Rd:257): Warning: <h5> anchor "Arguments" already defined NBTrainer.html:141:1 (NBTrainer.Rd:104): Warning: <h5> anchor "Usage" already defined NBTrainer.html:147:1 (NBTrainer.Rd:108): Warning: <h5> anchor "Arguments" already defined NBTrainer.html:162:1 (NBTrainer.Rd:117): Warning: <h5> anchor "Details" already defined NBTrainer.html:169:1 (NBTrainer.Rd:121): Warning: <h5> anchor "Returns" already defined NBTrainer.html:176:1 (NBTrainer.Rd:124): Warning: <h5> anchor "Examples" already defined NBTrainer.html:195:1 (NBTrainer.Rd:139): Warning: <h5> anchor "Usage" already defined NBTrainer.html:201:1 (NBTrainer.Rd:143): Warning: <h5> anchor "Arguments" already defined NBTrainer.html:216:1 (NBTrainer.Rd:152): Warning: <h5> anchor "Details" already defined NBTrainer.html:223:1 (NBTrainer.Rd:156): Warning: <h5> anchor "Returns" already defined NBTrainer.html:230:1 (NBTrainer.Rd:159): Warning: <h5> anchor "Examples" already defined NBTrainer.html:252:1 (NBTrainer.Rd:176): Warning: <h5> anchor "Usage" already defined NBTrainer.html:258:1 (NBTrainer.Rd:180): Warning: <h5> anchor "Arguments" already defined RFTrainer.html:196:1 (RFTrainer.Rd:183): Warning: <h5> anchor "Usage" already defined RFTrainer.html:202:1 (RFTrainer.Rd:187): Warning: <h5> anchor "Arguments" already defined RFTrainer.html:217:1 (RFTrainer.Rd:196): Warning: <h5> anchor "Details" already defined RFTrainer.html:224:1 (RFTrainer.Rd:200): Warning: <h5> anchor "Returns" already defined RFTrainer.html:231:1 (RFTrainer.Rd:203): Warning: <h5> anchor "Examples" already defined RFTrainer.html:254:1 (RFTrainer.Rd:222): Warning: <h5> anchor "Usage" already defined RFTrainer.html:260:1 (RFTrainer.Rd:226): Warning: <h5> anchor "Arguments" already defined RFTrainer.html:273:1 (RFTrainer.Rd:233): Warning: <h5> anchor "Details" already defined RFTrainer.html:280:1 (RFTrainer.Rd:237): Warning: <h5> anchor "Returns" already defined RFTrainer.html:287:1 (RFTrainer.Rd:240): Warning: <h5> anchor "Examples" already defined RFTrainer.html:311:1 (RFTrainer.Rd:260): Warning: <h5> anchor "Usage" already defined RFTrainer.html:317:1 (RFTrainer.Rd:264): Warning: <h5> anchor "Details" already defined RFTrainer.html:324:1 (RFTrainer.Rd:268): Warning: <h5> anchor "Returns" already defined RFTrainer.html:331:1 (RFTrainer.Rd:271): Warning: <h5> anchor "Examples" already defined RFTrainer.html:358:1 (RFTrainer.Rd:293): Warning: <h5> anchor "Usage" already defined RFTrainer.html:364:1 (RFTrainer.Rd:297): Warning: <h5> anchor "Arguments" already defined RandomSearchCV.html:158:1 (RandomSearchCV.Rd:123): Warning: <h5> anchor "Usage" already defined RandomSearchCV.html:164:1 (RandomSearchCV.Rd:127): Warning: <h5> anchor "Arguments" already defined RandomSearchCV.html:179:1 (RandomSearchCV.Rd:136): Warning: <h5> anchor "Details" already defined RandomSearchCV.html:186:1 (RandomSearchCV.Rd:140): Warning: <h5> anchor "Returns" already defined RandomSearchCV.html:193:1 (RandomSearchCV.Rd:143): Warning: <h5> anchor "Examples" already defined RandomSearchCV.html:221:1 (RandomSearchCV.Rd:166): Warning: <h5> anchor "Usage" already defined RandomSearchCV.html:227:1 (RandomSearchCV.Rd:170): Warning: <h5> anchor "Arguments" already defined TfIdfVectorizer.html:186:1 (TfIdfVectorizer.Rd:159): Warning: <h5> anchor "Usage" already defined TfIdfVectorizer.html:192:1 (TfIdfVectorizer.Rd:163): Warning: <h5> anchor "Arguments" already defined TfIdfVectorizer.html:205:1 (TfIdfVectorizer.Rd:170): Warning: <h5> anchor "Details" already defined TfIdfVectorizer.html:212:1 (TfIdfVectorizer.Rd:174): Warning: <h5> anchor "Returns" already defined TfIdfVectorizer.html:219:1 (TfIdfVectorizer.Rd:177): Warning: <h5> anchor "Examples" already defined TfIdfVectorizer.html:239:1 (TfIdfVectorizer.Rd:193): Warning: <h5> anchor "Usage" already defined TfIdfVectorizer.html:245:1 (TfIdfVectorizer.Rd:197): Warning: <h5> anchor "Arguments" already defined TfIdfVectorizer.html:258:1 (TfIdfVectorizer.Rd:204): Warning: <h5> anchor "Details" already defined TfIdfVectorizer.html:265:1 (TfIdfVectorizer.Rd:208): Warning: <h5> anchor "Returns" already defined TfIdfVectorizer.html:272:1 (TfIdfVectorizer.Rd:211): Warning: <h5> anchor "Examples" already defined TfIdfVectorizer.html:294:1 (TfIdfVectorizer.Rd:229): Warning: <h5> anchor "Usage" already defined TfIdfVectorizer.html:300:1 (TfIdfVectorizer.Rd:233): Warning: <h5> anchor "Arguments" already defined TfIdfVectorizer.html:313:1 (TfIdfVectorizer.Rd:240): Warning: <h5> anchor "Details" already defined TfIdfVectorizer.html:320:1 (TfIdfVectorizer.Rd:244): Warning: <h5> anchor "Returns" already defined TfIdfVectorizer.html:327:1 (TfIdfVectorizer.Rd:247): Warning: <h5> anchor "Examples" already defined TfIdfVectorizer.html:353:1 (TfIdfVectorizer.Rd:268): Warning: <h5> anchor "Usage" already defined TfIdfVectorizer.html:359:1 (TfIdfVectorizer.Rd:272): Warning: <h5> anchor "Arguments" already defined XGBTrainer.html:283:1 (XGBTrainer.Rd:317): Warning: <h5> anchor "Usage" already defined XGBTrainer.html:289:1 (XGBTrainer.Rd:321): Warning: <h5> anchor "Arguments" already defined XGBTrainer.html:310:1 (XGBTrainer.Rd:336): Warning: <h5> anchor "Details" already defined XGBTrainer.html:317:1 (XGBTrainer.Rd:340): Warning: <h5> anchor "Returns" already defined XGBTrainer.html:324:1 (XGBTrainer.Rd:343): Warning: <h5> anchor "Examples" already defined XGBTrainer.html:357:1 (XGBTrainer.Rd:372): Warning: <h5> anchor "Usage" already defined XGBTrainer.html:363:1 (XGBTrainer.Rd:376): Warning: <h5> anchor "Arguments" already defined XGBTrainer.html:380:1 (XGBTrainer.Rd:387): Warning: <h5> anchor "Details" already defined XGBTrainer.html:387:1 (XGBTrainer.Rd:391): Warning: <h5> anchor "Returns" already defined XGBTrainer.html:394:1 (XGBTrainer.Rd:394): Warning: <h5> anchor "Examples" already defined XGBTrainer.html:423:1 (XGBTrainer.Rd:419): Warning: <h5> anchor "Usage" already defined XGBTrainer.html:429:1 (XGBTrainer.Rd:423): Warning: <h5> anchor "Arguments" already defined XGBTrainer.html:442:1 (XGBTrainer.Rd:430): Warning: <h5> anchor "Details" already defined XGBTrainer.html:449:1 (XGBTrainer.Rd:434): Warning: <h5> anchor "Returns" already defined XGBTrainer.html:456:1 (XGBTrainer.Rd:437): Warning: <h5> anchor "Examples" already defined XGBTrainer.html:488:1 (XGBTrainer.Rd:465): Warning: <h5> anchor "Usage" already defined XGBTrainer.html:494:1 (XGBTrainer.Rd:469): Warning: <h5> anchor "Arguments" already defined XGBTrainer.html:509:1 (XGBTrainer.Rd:478): Warning: <h5> anchor "Details" already defined XGBTrainer.html:516:1 (XGBTrainer.Rd:482): Warning: <h5> anchor "Returns" already defined XGBTrainer.html:523:1 (XGBTrainer.Rd:485): Warning: <h5> anchor "Examples" already defined XGBTrainer.html:557:1 (XGBTrainer.Rd:514): Warning: <h5> anchor "Usage" already defined XGBTrainer.html:563:1 (XGBTrainer.Rd:518): Warning: <h5> anchor "Arguments" already defined bm25.html:200:1 (bm25.Rd:111): Warning: missing </ul> before </div> bm25.html:125:1 (bm25.Rd:66): Warning: <h5> anchor "Usage" already defined bm25.html:131:1 (bm25.Rd:70): Warning: <h5> anchor "Arguments" already defined bm25.html:146:1 (bm25.Rd:79): Warning: <h5> anchor "Details" already defined bm25.html:153:1 (bm25.Rd:83): Warning: <h5> anchor "Returns" already defined bm25.html:177:1 (bm25.Rd:100): Warning: <h5> anchor "Usage" already defined bm25.html:183:1 (bm25.Rd:104): Warning: <h5> anchor "Arguments" already defined Flavors: r-devel-linux-x86_64-debian-clang, r-devel-linux-x86_64-debian-gcc