Last updated on 2025-10-22 05:51:28 CEST.
Flavor | Version | Tinstall | Tcheck | Ttotal | Status | Flags |
---|---|---|---|---|---|---|
r-devel-linux-x86_64-debian-clang | 0.4.0 | 2.51 | 204.28 | 206.79 | NOTE | |
r-devel-linux-x86_64-debian-gcc | 0.4.0 | 1.38 | 151.13 | 152.51 | NOTE | |
r-devel-linux-x86_64-fedora-clang | 0.4.0 | 12.00 | 310.78 | 322.78 | OK | |
r-devel-linux-x86_64-fedora-gcc | 0.4.0 | 375.91 | OK | |||
r-devel-windows-x86_64 | 0.4.0 | 4.00 | 221.00 | 225.00 | OK | |
r-patched-linux-x86_64 | 0.4.0 | 2.95 | 201.43 | 204.38 | OK | |
r-release-linux-x86_64 | 0.4.0 | 2.42 | 198.68 | 201.10 | OK | |
r-release-macos-arm64 | 0.4.0 | 1.00 | 169.00 | 170.00 | OK | |
r-release-macos-x86_64 | 0.4.0 | 3.00 | 336.00 | 339.00 | OK | |
r-release-windows-x86_64 | 0.4.0 | 3.00 | 223.00 | 226.00 | OK | |
r-oldrel-macos-arm64 | 0.4.0 | 1.00 | 156.00 | 157.00 | OK | |
r-oldrel-macos-x86_64 | 0.4.0 | 2.00 | 347.00 | 349.00 | OK | |
r-oldrel-windows-x86_64 | 0.4.0 | 4.00 | 285.00 | 289.00 | OK |
Version: 0.4.0
Check: HTML version of manual
Result: NOTE
Found the following HTML validation problems:
gamma.html:68:1 (gamma.Rd:22): Warning: missing </ul> before </div>
Flavors: r-devel-linux-x86_64-debian-clang, r-devel-linux-x86_64-debian-gcc