Last updated on 2025-10-24 18:50:09 CEST.
| Flavor | Version | Tinstall | Tcheck | Ttotal | Status | Flags |
|---|---|---|---|---|---|---|
| r-devel-linux-x86_64-debian-clang | 0.2-1 | 2.28 | 25.09 | 27.37 | NOTE | |
| r-devel-linux-x86_64-debian-gcc | 0.2-1 | 1.56 | 20.08 | 21.64 | NOTE | |
| r-devel-linux-x86_64-fedora-clang | 0.2-1 | 42.09 | OK | |||
| r-devel-linux-x86_64-fedora-gcc | 0.2-1 | 37.77 | OK | |||
| r-devel-windows-x86_64 | 0.2-1 | 3.00 | 44.00 | 47.00 | OK | |
| r-patched-linux-x86_64 | 0.2-1 | 2.17 | 23.71 | 25.88 | OK | |
| r-release-linux-x86_64 | 0.2-1 | 2.14 | 23.46 | 25.60 | OK | |
| r-release-macos-arm64 | 0.2-1 | 1.00 | 16.00 | 17.00 | OK | |
| r-release-macos-x86_64 | 0.2-1 | 2.00 | 25.00 | 27.00 | OK | |
| r-release-windows-x86_64 | 0.2-1 | 3.00 | 45.00 | 48.00 | OK | |
| r-oldrel-macos-arm64 | 0.2-1 | 1.00 | 14.00 | 15.00 | OK | |
| r-oldrel-macos-x86_64 | 0.2-1 | 2.00 | 20.00 | 22.00 | OK | |
| r-oldrel-windows-x86_64 | 0.2-1 | 4.00 | 56.00 | 60.00 | OK |
Version: 0.2-1
Check: CRAN incoming feasibility
Result: NOTE
Maintainer: ‘Hideo Aizaki <azk-r@spa.nifty.com>’
No Authors@R field in DESCRIPTION.
Please add one, modifying
Authors@R: person(given = "Hideo",
family = "Aizaki",
role = c("aut", "cre"),
email = "azk-r@spa.nifty.com")
as necessary.
Flavors: r-devel-linux-x86_64-debian-clang, r-devel-linux-x86_64-debian-gcc