Last updated on 2025-10-24 05:50:58 CEST.
| Flavor | Version | Tinstall | Tcheck | Ttotal | Status | Flags |
|---|---|---|---|---|---|---|
| r-devel-linux-x86_64-debian-clang | 0.1.0-1 | 26.17 | 234.54 | 260.71 | OK | |
| r-devel-linux-x86_64-debian-gcc | 0.1.0-1 | 16.12 | 148.63 | 164.75 | OK | |
| r-devel-linux-x86_64-fedora-clang | 0.1.0-1 | 101.00 | 357.43 | 458.43 | NOTE | |
| r-devel-linux-x86_64-fedora-gcc | 0.1.0-1 | 47.00 | 384.01 | 431.01 | NOTE | |
| r-devel-windows-x86_64 | 0.1.0-1 | 30.00 | 305.00 | 335.00 | OK | |
| r-patched-linux-x86_64 | 0.1.0-1 | 23.58 | 216.06 | 239.64 | OK | |
| r-release-linux-x86_64 | 0.1.0-1 | 23.38 | 221.91 | 245.29 | OK | |
| r-release-macos-arm64 | 0.1.0-1 | 18.00 | 134.00 | 152.00 | OK | |
| r-release-macos-x86_64 | 0.1.0-1 | 21.00 | 244.00 | 265.00 | OK | |
| r-release-windows-x86_64 | 0.1.0-1 | 31.00 | 301.00 | 332.00 | OK | |
| r-oldrel-macos-arm64 | 0.1.0-1 | 9.00 | 97.00 | 106.00 | OK | |
| r-oldrel-macos-x86_64 | 0.1.0-1 | 14.00 | 187.00 | 201.00 | OK | |
| r-oldrel-windows-x86_64 | 0.1.0-1 | 37.00 | 397.00 | 434.00 | OK |
Version: 0.1.0-1
Check: dependencies in R code
Result: NOTE
Namespaces in Imports field not imported from:
‘doParallel’ ‘pROC’
All declared Imports should be used.
Flavors: r-devel-linux-x86_64-fedora-clang, r-devel-linux-x86_64-fedora-gcc