CRAN Package Check Results for Package survIDINRI

Last updated on 2025-10-21 23:51:13 CEST.

Flavor Version Tinstall Tcheck Ttotal Status Flags
r-devel-linux-x86_64-debian-clang 1.1-2 7.24 59.71 66.95 NOTE
r-devel-linux-x86_64-debian-gcc 1.1-2 5.14 44.07 49.21 NOTE
r-devel-linux-x86_64-fedora-clang 1.1-2 30.00 70.91 100.91 OK
r-devel-linux-x86_64-fedora-gcc 1.1-2 14.00 77.76 91.76 OK
r-devel-windows-x86_64 1.1-2 10.00 76.00 86.00 OK
r-patched-linux-x86_64 1.1-2 6.97 56.35 63.32 OK
r-release-linux-x86_64 1.1-2 6.55 55.49 62.04 OK
r-release-macos-arm64 1.1-2 6.00 32.00 38.00 OK
r-release-macos-x86_64 1.1-2 21.00 92.00 113.00 OK
r-release-windows-x86_64 1.1-2 10.00 76.00 86.00 OK
r-oldrel-macos-arm64 1.1-2 5.00 29.00 34.00 OK
r-oldrel-macos-x86_64 1.1-2 6.00 52.00 58.00 OK
r-oldrel-windows-x86_64 1.1-2 13.00 88.00 101.00 OK

Check Details

Version: 1.1-2
Check: CRAN incoming feasibility
Result: NOTE Maintainer: ‘Hajime Uno <huno@jimmy.harvard.edu>’ No Authors@R field in DESCRIPTION. Please add one, modifying Authors@R: c(person(given = "Hajime", family = "Uno", role = c("aut", "cre"), email = "huno@jimmy.harvard.edu"), person(given = "Tianxi", family = "Cai", role = "aut")) as necessary. Flavors: r-devel-linux-x86_64-debian-clang, r-devel-linux-x86_64-debian-gcc