Last updated on 2025-10-22 17:49:53 CEST.
Flavor | Version | Tinstall | Tcheck | Ttotal | Status | Flags |
---|---|---|---|---|---|---|
r-devel-linux-x86_64-debian-clang | 0.3.0 | 11.32 | 182.00 | 193.32 | NOTE | |
r-devel-linux-x86_64-debian-gcc | 0.3.0 | 7.21 | 124.70 | 131.91 | NOTE | |
r-devel-linux-x86_64-fedora-clang | 0.3.0 | 62.00 | 255.97 | 317.97 | OK | |
r-devel-linux-x86_64-fedora-gcc | 0.3.0 | 80.00 | 237.84 | 317.84 | OK | |
r-devel-windows-x86_64 | 0.3.0 | 13.00 | 174.00 | 187.00 | OK | |
r-patched-linux-x86_64 | 0.3.0 | 10.40 | 169.72 | 180.12 | OK | |
r-release-linux-x86_64 | 0.3.0 | 10.52 | 170.25 | 180.77 | OK | |
r-release-macos-arm64 | 0.3.0 | 5.00 | 80.00 | 85.00 | OK | |
r-release-macos-x86_64 | 0.3.0 | 9.00 | 111.00 | 120.00 | OK | |
r-release-windows-x86_64 | 0.3.0 | 13.00 | 177.00 | 190.00 | OK | |
r-oldrel-macos-arm64 | 0.3.0 | 5.00 | 83.00 | 88.00 | OK | |
r-oldrel-macos-x86_64 | 0.3.0 | 7.00 | 110.00 | 117.00 | OK | |
r-oldrel-windows-x86_64 | 0.3.0 | 17.00 | 238.00 | 255.00 | OK |
Version: 0.3.0
Check: HTML version of manual
Result: NOTE
Found the following HTML validation problems:
linear_beta.html:46:1 (linear_beta.Rd:10): Warning: missing </ul> before </div>
ml_hyperparams_srf.html:70:1 (ml_hyperparams_srf.Rd:25): Warning: missing </ul> before </div>
summary.survcompare.html:51:1 (summary.survcompare.Rd:12): Warning: missing </ul> before </div>
survsrfstack_cv.html:118:1 (survsrfstack_cv.Rd:54): Warning: missing </ul> before </div>
Flavors: r-devel-linux-x86_64-debian-clang, r-devel-linux-x86_64-debian-gcc