Last updated on 2025-10-22 11:51:27 CEST.
Flavor | Version | Tinstall | Tcheck | Ttotal | Status | Flags |
---|---|---|---|---|---|---|
r-devel-linux-x86_64-debian-clang | 0.2.7 | 7.33 | 81.71 | 89.04 | NOTE | |
r-devel-linux-x86_64-debian-gcc | 0.2.7 | 5.29 | 57.11 | 62.40 | NOTE | |
r-devel-linux-x86_64-fedora-clang | 0.2.7 | 41.00 | 104.30 | 145.30 | OK | |
r-devel-linux-x86_64-fedora-gcc | 0.2.7 | 16.00 | 121.15 | 137.15 | OK | |
r-devel-windows-x86_64 | 0.2.7 | 9.00 | 99.00 | 108.00 | OK | |
r-patched-linux-x86_64 | 0.2.7 | 8.47 | 74.12 | 82.59 | OK | |
r-release-linux-x86_64 | 0.2.7 | 7.31 | 75.79 | 83.10 | OK | |
r-release-macos-arm64 | 0.2.7 | 3.00 | 43.00 | 46.00 | OK | |
r-release-macos-x86_64 | 0.2.7 | 5.00 | 72.00 | 77.00 | OK | |
r-release-windows-x86_64 | 0.2.7 | 11.00 | 101.00 | 112.00 | OK | |
r-oldrel-macos-arm64 | 0.2.7 | 3.00 | 37.00 | 40.00 | OK | |
r-oldrel-macos-x86_64 | 0.2.7 | 4.00 | 64.00 | 68.00 | OK | |
r-oldrel-windows-x86_64 | 0.2.7 | 12.00 | 121.00 | 133.00 | OK |
Version: 0.2.7
Check: HTML version of manual
Result: NOTE
Found the following HTML validation problems:
cbind.surveydata.html:51:1 (cbind.surveydata.Rd:12): Warning: missing </ul> before </div>
merge.html:55:1 (merge.Rd:15): Warning: missing </ul> before </div>
merge_varlabels.html:54:1 (merge_varlabels.Rd:14): Warning: missing </ul> before </div>
rm.attrs.html:46:1 (rm.attrs.Rd:10): Warning: missing </ul> before </div>
rm.pattern.html:46:1 (rm.pattern.Rd:10): Warning: missing </ul> before </div>
survey_plot_title.html:54:1 (survey_plot_title.Rd:14): Warning: missing </ul> before </div>
surveydata-deprecated.html:108:1 (surveydata-deprecated.Rd:49): Warning: missing </ul> before </div>
Flavors: r-devel-linux-x86_64-debian-clang, r-devel-linux-x86_64-debian-gcc